{"id":9799,"date":"2025-04-28T13:00:44","date_gmt":"2025-04-28T11:00:44","guid":{"rendered":"https:\/\/jfb-stiftung.de\/st-paulus-stift-neuoetting\/?post_type=tribe_events&#038;p=9799"},"modified":"2025-04-28T13:04:58","modified_gmt":"2025-04-28T11:04:58","slug":"montagskino-2","status":"publish","type":"tribe_events","link":"https:\/\/jfb-stiftung.de\/st-paulus-stift-neuoetting\/veranstaltung\/montagskino-2\/","title":{"rendered":"Montagskino"},"content":{"rendered":"<p><img fetchpriority=\"high\" decoding=\"async\" class=\"alignnone size-medium wp-image-9801\" src=\"https:\/\/jfb-stiftung.de\/st-paulus-stift-neuoetting\/wp-content\/uploads\/sites\/9\/2025\/04\/Montagskino-709x1000.jpg\" alt=\"\" width=\"709\" height=\"1000\" srcset=\"https:\/\/jfb-stiftung.de\/st-paulus-stift-neuoetting\/wp-content\/uploads\/sites\/9\/2025\/04\/Montagskino-709x1000.jpg 709w, https:\/\/jfb-stiftung.de\/st-paulus-stift-neuoetting\/wp-content\/uploads\/sites\/9\/2025\/04\/Montagskino-851x1200.jpg 851w, https:\/\/jfb-stiftung.de\/st-paulus-stift-neuoetting\/wp-content\/uploads\/sites\/9\/2025\/04\/Montagskino-768x1084.jpg 768w, https:\/\/jfb-stiftung.de\/st-paulus-stift-neuoetting\/wp-content\/uploads\/sites\/9\/2025\/04\/Montagskino-1089x1536.jpg 1089w, https:\/\/jfb-stiftung.de\/st-paulus-stift-neuoetting\/wp-content\/uploads\/sites\/9\/2025\/04\/Montagskino.jpg 1134w\" sizes=\"(max-width: 709px) 100vw, 709px\" \/><\/p>\n<p><span style=\"font-family: 'Arial',sans-serif;\">Am Montag, 28. April ist es wieder soweit: Um 18.00 wird der Film The Quiet Girl gezeigt, das Spielfilmdeb\u00fct des irischen Regisseurs Colm Bair\u00e9ad:\u00a0 C\u00e1it, ein neunj\u00e4hriges M\u00e4dchen, ist eine stille Beobachterin in einer schwierigen Familienkonstellation: sie ist eines von mehreren Geschwistern, ein Baby ist unterwegs und die Eltern sind mit der Erziehung und ihrem Bauernhof \u00fcberfordert.\u00a0 Als sie den Sommer \u00fcber zu kinderlosen Pflegeeltern (der Nichte der Mutter) geschickt wird, bl\u00fcht sie unter der Zuneigung und F\u00fcrsorge, die sie zum ersten Mal in ihrem Leben erf\u00e4hrt, richtig auf. Doch sie kommt auch einem Geheimnis auf die Spur.<br \/>\nDer Film ist eine sanfte und zutiefst hoffnungsvolle Erz\u00e4hlung \u00fcber Menschen, die versuchen, Schmerz und Einsamkeit hinter sich zu lassen. Ein starker und intensiver Film mit Bildern \u00fcber eine Menschlichkeit, die sich jenseits von Worten entfaltet. <\/span>Wie es sich f\u00fcr einen gem\u00fctlichen Kinoabend geh\u00f6rt, stehen auch k\u00fchle Getr\u00e4nke und Popcorn bereit. Der eintritt ist frei!<\/p>\n<p>&nbsp;<\/p>\n","protected":false},"excerpt":{"rendered":"<p>Am Montag, 28. April ist es wieder soweit: Um 18.00 wird der Film The Quiet Girl gezeigt, das Spielfilmdeb\u00fct des irischen Regisseurs Colm Bair\u00e9ad:\u00a0 C\u00e1it, ein neunj\u00e4hriges M\u00e4dchen, ist eine \u2026<\/p>\n","protected":false},"author":19,"featured_media":9683,"template":"","meta":{"_acf_changed":false,"_tribe_events_status":"","_tribe_events_status_reason":"","footnotes":""},"tags":[],"tribe_events_cat":[35],"class_list":["post-9799","tribe_events","type-tribe_events","status-publish","has-post-thumbnail","hentry","tribe_events_cat-st-paulus-stift-neuoetting","cat_st-paulus-stift-neuoetting"],"acf":[],"publishpress_future_workflow_manual_trigger":{"enabledWorkflows":[]},"_links":{"self":[{"href":"https:\/\/jfb-stiftung.de\/st-paulus-stift-neuoetting\/wp-json\/wp\/v2\/tribe_events\/9799","targetHints":{"allow":["GET"]}}],"collection":[{"href":"https:\/\/jfb-stiftung.de\/st-paulus-stift-neuoetting\/wp-json\/wp\/v2\/tribe_events"}],"about":[{"href":"https:\/\/jfb-stiftung.de\/st-paulus-stift-neuoetting\/wp-json\/wp\/v2\/types\/tribe_events"}],"author":[{"embeddable":true,"href":"https:\/\/jfb-stiftung.de\/st-paulus-stift-neuoetting\/wp-json\/wp\/v2\/users\/19"}],"version-history":[{"count":0,"href":"https:\/\/jfb-stiftung.de\/st-paulus-stift-neuoetting\/wp-json\/wp\/v2\/tribe_events\/9799\/revisions"}],"wp:featuredmedia":[{"embeddable":true,"href":"https:\/\/jfb-stiftung.de\/st-paulus-stift-neuoetting\/wp-json\/wp\/v2\/media\/9683"}],"wp:attachment":[{"href":"https:\/\/jfb-stiftung.de\/st-paulus-stift-neuoetting\/wp-json\/wp\/v2\/media?parent=9799"}],"wp:term":[{"taxonomy":"post_tag","embeddable":true,"href":"https:\/\/jfb-stiftung.de\/st-paulus-stift-neuoetting\/wp-json\/wp\/v2\/tags?post=9799"},{"taxonomy":"tribe_events_cat","embeddable":true,"href":"https:\/\/jfb-stiftung.de\/st-paulus-stift-neuoetting\/wp-json\/wp\/v2\/tribe_events_cat?post=9799"}],"curies":[{"name":"wp","href":"https:\/\/api.w.org\/{rel}","templated":true}]}}

<p><img fetchpriority="high" decoding="async" class="alignnone size-medium wp-image-9801" src="https://jfb-stiftung.de/st-paulus-stift-neuoetting/wp-content/uploads/sites/9/2025/04/Montagskino-709x1000.jpg" alt="" width="709" height="1000" srcset="https://jfb-stiftung.de/st-paulus-stift-neuoetting/wp-content/uploads/sites/9/2025/04/Montagskino-709x1000.jpg 709w, https://jfb-stiftung.de/st-paulus-stift-neuoetting/wp-content/uploads/sites/9/2025/04/Montagskino-851x1200.jpg 851w, https://jfb-stiftung.de/st-paulus-stift-neuoetting/wp-content/uploads/sites/9/2025/04/Montagskino-768x1084.jpg 768w, https://jfb-stiftung.de/st-paulus-stift-neuoetting/wp-content/uploads/sites/9/2025/04/Montagskino-1089x1536.jpg 1089w, https://jfb-stiftung.de/st-paulus-stift-neuoetting/wp-content/uploads/sites/9/2025/04/Montagskino.jpg 1134w" sizes="(max-width: 709px) 100vw, 709px" /></p>
<p><span style="font-family: 'Arial',sans-serif;">Am Montag, 28. April ist es wieder soweit: Um 18.00 wird der Film The Quiet Girl gezeigt, das Spielfilmdebüt des irischen Regisseurs Colm Bairéad:  Cáit, ein neunjähriges Mädchen, ist eine stille Beobachterin in einer schwierigen Familienkonstellation: sie ist eines von mehreren Geschwistern, ein Baby ist unterwegs und die Eltern sind mit der Erziehung und ihrem Bauernhof überfordert.  Als sie den Sommer über zu kinderlosen Pflegeeltern (der Nichte der Mutter) geschickt wird, blüht sie unter der Zuneigung und Fürsorge, die sie zum ersten Mal in ihrem Leben erfährt, richtig auf. Doch sie kommt auch einem Geheimnis auf die Spur.<br />
Der Film ist eine sanfte und zutiefst hoffnungsvolle Erzählung über Menschen, die versuchen, Schmerz und Einsamkeit hinter sich zu lassen. Ein starker und intensiver Film mit Bildern über eine Menschlichkeit, die sich jenseits von Worten entfaltet. </span>Wie es sich für einen gemütlichen Kinoabend gehört, stehen auch kühle Getränke und Popcorn bereit. Der eintritt ist frei!</p>
<p>&nbsp;</p>

<p>Am Montag, 28. April ist es wieder soweit: Um 18.00 wird der Film The Quiet Girl gezeigt, das Spielfilmdebüt des irischen Regisseurs Colm Bairéad:  Cáit, ein neunjähriges Mädchen, ist eine …</p>
