{"id":10749,"date":"2026-01-12T13:55:49","date_gmt":"2026-01-12T12:55:49","guid":{"rendered":"https:\/\/jfb-stiftung.de\/st-paulus-stift-neuoetting\/?post_type=tribe_events&#038;p=10749"},"modified":"2026-01-12T16:36:46","modified_gmt":"2026-01-12T15:36:46","slug":"neujahrslauschen-2026","status":"publish","type":"tribe_events","link":"https:\/\/jfb-stiftung.de\/st-paulus-stift-neuoetting\/veranstaltung\/neujahrslauschen-2026\/","title":{"rendered":"NeujahrsLauschen 2026"},"content":{"rendered":"<p>Das \u201eNeujahrsLauschen\u201c im St. Paulus Stift Neu\u00f6tting geht in die zweite Runde. Nach dem gro\u00dfen Zuspruch im letzten Jahr, findet auch heuer in der Aula ein inklusiver Geschichtenabend statt.<\/p>\n<p>Der Erz\u00e4hlk\u00fcnstler Kurt Lehner entf\u00fchrt uns an diesem Abend mit seiner wohlklingenden Stimme in die Welt seiner Geschichten:<\/p>\n<p>Wieder liegen ganz frische, noch unbeschriebene 365 Tage vor uns. Was werden sie wohl bringen? Gehen unsere W\u00fcnsche und Hoffnung in Erf\u00fcllung? Welche Aufgaben gilt es zu bew\u00e4ltigen? Und welche Freuden erwarten uns?<\/p>\n<p>Wird die Prinzessin einen Br\u00e4utigam finden, der ihr eine blaue Rose bringt? \u00a0Was bedeuten die seltsamen Tr\u00e4ume des K\u00f6nigs? Und finden die hungernden Tiere den Namen des geheimnisvollen Baumes heraus, der von einer Schlange bewacht wird?\u00a0 Gro\u00dfe und kleine Zuh\u00f6rer sind eingeladen, sich zusammen mit dem Geschichtenerz\u00e4hler auf den Weg zu machen, um gemeinsam die R\u00e4tsel dieser Geschichten zu l\u00f6sen.<\/p>\n<p>Erz\u00e4hlt wird jede Geschichte jeweils mit Hilfe eines liebevoll gestalteten Koffers in Mitten eines zauberhaften B\u00fchnenbilds. \u00a0Der Verstand darf sich gleichsam wie in einer H\u00e4ngematte ausruhen und wird sanft in fernen, m\u00e4rchenhaften Welten hin und her geschaukelt.<\/p>\n<p>Komm vorbei und lass dich verzaubern. Ein Erz\u00e4hlerlebnis wie in l\u00e4ngst vergangenen Tagen&#8230;<\/p>\n<p>Geeignet f\u00fcr Kinder ab\u00a0 5 Jahren<\/p>\n\n\t\t<style type=\"text\/css\">\n\t\t\t#gallery-1 {\n\t\t\t\tmargin: auto;\n\t\t\t}\n\t\t\t#gallery-1 .gallery-item {\n\t\t\t\tfloat: left;\n\t\t\t\tmargin-top: 10px;\n\t\t\t\ttext-align: center;\n\t\t\t\twidth: 33%;\n\t\t\t}\n\t\t\t#gallery-1 img {\n\t\t\t\tborder: 2px solid #cfcfcf;\n\t\t\t}\n\t\t\t#gallery-1 .gallery-caption {\n\t\t\t\tmargin-left: 0;\n\t\t\t}\n\t\t\t\/* see gallery_shortcode() in wp-includes\/media.php *\/\n\t\t<\/style>\n\t\t<div id='gallery-1' class='gallery galleryid-10749 gallery-columns-3 gallery-size-thumbnail'><dl class='gallery-item'>\n\t\t\t<dt class='gallery-icon portrait'>\n\t\t\t\t<a href='https:\/\/jfb-stiftung.de\/st-paulus-stift-neuoetting\/veranstaltung\/neujahrslauschen-2026\/neujahrslauschen1-2\/'><img fetchpriority=\"high\" decoding=\"async\" width=\"500\" height=\"500\" src=\"https:\/\/jfb-stiftung.de\/st-paulus-stift-neuoetting\/wp-content\/uploads\/sites\/9\/2026\/01\/neujahrslauschen1-scaled-500x500.jpg\" class=\"attachment-thumbnail size-thumbnail\" alt=\"\"><\/a>\n\t\t\t<\/dt><\/dl><dl class='gallery-item'>\n\t\t\t<dt class='gallery-icon landscape'>\n\t\t\t\t<a href='https:\/\/jfb-stiftung.de\/st-paulus-stift-neuoetting\/veranstaltung\/neujahrslauschen-2026\/foto\/'><img decoding=\"async\" width=\"500\" height=\"500\" src=\"https:\/\/jfb-stiftung.de\/st-paulus-stift-neuoetting\/wp-content\/uploads\/sites\/9\/2026\/01\/Foto-scaled-500x500.jpg\" class=\"attachment-thumbnail size-thumbnail\" alt=\"\"><\/a>\n\t\t\t<\/dt><\/dl><dl class='gallery-item'>\n\t\t\t<dt class='gallery-icon landscape'>\n\t\t\t\t<a href='https:\/\/jfb-stiftung.de\/st-paulus-stift-neuoetting\/veranstaltung\/neujahrslauschen-2026\/foto2\/'><img decoding=\"async\" width=\"500\" height=\"500\" src=\"https:\/\/jfb-stiftung.de\/st-paulus-stift-neuoetting\/wp-content\/uploads\/sites\/9\/2026\/01\/Foto2-scaled-500x500.jpg\" class=\"attachment-thumbnail size-thumbnail\" alt=\"\"><\/a>\n\t\t\t<\/dt><\/dl><br style=\"clear: both\" \/>\n\t\t<\/div>\n\n<p>&nbsp;<\/p>\n","protected":false},"excerpt":{"rendered":"<p>Das \u201eNeujahrsLauschen\u201c im St. Paulus Stift Neu\u00f6tting geht in die zweite Runde. Nach dem gro\u00dfen Zuspruch im letzten Jahr, findet auch heuer in der Aula ein inklusiver Geschichtenabend statt. Der \u2026<\/p>\n","protected":false},"author":19,"featured_media":10750,"template":"","meta":{"_acf_changed":false,"_tribe_events_status":"","_tribe_events_status_reason":"","footnotes":""},"tags":[],"tribe_events_cat":[23,35],"class_list":["post-10749","tribe_events","type-tribe_events","status-publish","has-post-thumbnail","hentry","tribe_events_cat-termine","tribe_events_cat-st-paulus-stift-neuoetting","cat_termine","cat_st-paulus-stift-neuoetting"],"acf":[],"publishpress_future_workflow_manual_trigger":{"enabledWorkflows":[]},"_links":{"self":[{"href":"https:\/\/jfb-stiftung.de\/st-paulus-stift-neuoetting\/wp-json\/wp\/v2\/tribe_events\/10749","targetHints":{"allow":["GET"]}}],"collection":[{"href":"https:\/\/jfb-stiftung.de\/st-paulus-stift-neuoetting\/wp-json\/wp\/v2\/tribe_events"}],"about":[{"href":"https:\/\/jfb-stiftung.de\/st-paulus-stift-neuoetting\/wp-json\/wp\/v2\/types\/tribe_events"}],"author":[{"embeddable":true,"href":"https:\/\/jfb-stiftung.de\/st-paulus-stift-neuoetting\/wp-json\/wp\/v2\/users\/19"}],"version-history":[{"count":9,"href":"https:\/\/jfb-stiftung.de\/st-paulus-stift-neuoetting\/wp-json\/wp\/v2\/tribe_events\/10749\/revisions"}],"predecessor-version":[{"id":10763,"href":"https:\/\/jfb-stiftung.de\/st-paulus-stift-neuoetting\/wp-json\/wp\/v2\/tribe_events\/10749\/revisions\/10763"}],"wp:featuredmedia":[{"embeddable":true,"href":"https:\/\/jfb-stiftung.de\/st-paulus-stift-neuoetting\/wp-json\/wp\/v2\/media\/10750"}],"wp:attachment":[{"href":"https:\/\/jfb-stiftung.de\/st-paulus-stift-neuoetting\/wp-json\/wp\/v2\/media?parent=10749"}],"wp:term":[{"taxonomy":"post_tag","embeddable":true,"href":"https:\/\/jfb-stiftung.de\/st-paulus-stift-neuoetting\/wp-json\/wp\/v2\/tags?post=10749"},{"taxonomy":"tribe_events_cat","embeddable":true,"href":"https:\/\/jfb-stiftung.de\/st-paulus-stift-neuoetting\/wp-json\/wp\/v2\/tribe_events_cat?post=10749"}],"curies":[{"name":"wp","href":"https:\/\/api.w.org\/{rel}","templated":true}]}}

<p>Das „NeujahrsLauschen“ im St. Paulus Stift Neuötting geht in die zweite Runde. Nach dem großen Zuspruch im letzten Jahr, findet auch heuer in der Aula ein inklusiver Geschichtenabend statt.</p>
<p>Der Erzählkünstler Kurt Lehner entführt uns an diesem Abend mit seiner wohlklingenden Stimme in die Welt seiner Geschichten:</p>
<p>Wieder liegen ganz frische, noch unbeschriebene 365 Tage vor uns. Was werden sie wohl bringen? Gehen unsere Wünsche und Hoffnung in Erfüllung? Welche Aufgaben gilt es zu bewältigen? Und welche Freuden erwarten uns?</p>
<p>Wird die Prinzessin einen Bräutigam finden, der ihr eine blaue Rose bringt?  Was bedeuten die seltsamen Träume des Königs? Und finden die hungernden Tiere den Namen des geheimnisvollen Baumes heraus, der von einer Schlange bewacht wird?  Große und kleine Zuhörer sind eingeladen, sich zusammen mit dem Geschichtenerzähler auf den Weg zu machen, um gemeinsam die Rätsel dieser Geschichten zu lösen.</p>
<p>Erzählt wird jede Geschichte jeweils mit Hilfe eines liebevoll gestalteten Koffers in Mitten eines zauberhaften Bühnenbilds.  Der Verstand darf sich gleichsam wie in einer Hängematte ausruhen und wird sanft in fernen, märchenhaften Welten hin und her geschaukelt.</p>
<p>Komm vorbei und lass dich verzaubern. Ein Erzählerlebnis wie in längst vergangenen Tagen&#8230;</p>
<p>Geeignet für Kinder ab  5 Jahren</p>

		<style type="text/css">
			#gallery-1 {
				margin: auto;
			}
			#gallery-1 .gallery-item {
				float: left;
				margin-top: 10px;
				text-align: center;
				width: 33%;
			}
			#gallery-1 img {
				border: 2px solid #cfcfcf;
			}
			#gallery-1 .gallery-caption {
				margin-left: 0;
			}
			/* see gallery_shortcode() in wp-includes/media.php */
		</style>
		<div id='gallery-1' class='gallery galleryid-10749 gallery-columns-3 gallery-size-thumbnail'><dl class='gallery-item'>
			<dt class='gallery-icon portrait'>
				<a href='https://jfb-stiftung.de/st-paulus-stift-neuoetting/veranstaltung/neujahrslauschen-2026/neujahrslauschen1-2/'><img fetchpriority="high" decoding="async" width="500" height="500" src="https://jfb-stiftung.de/st-paulus-stift-neuoetting/wp-content/uploads/sites/9/2026/01/neujahrslauschen1-scaled-500x500.jpg" class="attachment-thumbnail size-thumbnail" alt=""></a>
			</dt></dl><dl class='gallery-item'>
			<dt class='gallery-icon landscape'>
				<a href='https://jfb-stiftung.de/st-paulus-stift-neuoetting/veranstaltung/neujahrslauschen-2026/foto/'><img decoding="async" width="500" height="500" src="https://jfb-stiftung.de/st-paulus-stift-neuoetting/wp-content/uploads/sites/9/2026/01/Foto-scaled-500x500.jpg" class="attachment-thumbnail size-thumbnail" alt=""></a>
			</dt></dl><dl class='gallery-item'>
			<dt class='gallery-icon landscape'>
				<a href='https://jfb-stiftung.de/st-paulus-stift-neuoetting/veranstaltung/neujahrslauschen-2026/foto2/'><img decoding="async" width="500" height="500" src="https://jfb-stiftung.de/st-paulus-stift-neuoetting/wp-content/uploads/sites/9/2026/01/Foto2-scaled-500x500.jpg" class="attachment-thumbnail size-thumbnail" alt=""></a>
			</dt></dl><br style="clear: both" />
		</div>

<p>&nbsp;</p>

<p>Das „NeujahrsLauschen“ im St. Paulus Stift Neuötting geht in die zweite Runde. Nach dem großen Zuspruch im letzten Jahr, findet auch heuer in der Aula ein inklusiver Geschichtenabend statt. Der …</p>
