{"id":10122,"date":"2025-05-05T15:32:33","date_gmt":"2025-05-05T14:32:33","guid":{"rendered":"https:\/\/jfb-stiftung.de\/st-paulus-stift-neuoetting\/veranstaltung\/stimmungsvoller-adventsmarkt-2\/"},"modified":"2025-10-29T16:32:22","modified_gmt":"2025-10-29T15:32:22","slug":"stimmungsvoller-adventsmarkt-2","status":"publish","type":"tribe_events","link":"https:\/\/jfb-stiftung.de\/st-paulus-stift-neuoetting\/veranstaltung\/stimmungsvoller-adventsmarkt-2\/","title":{"rendered":"Stimmungsvoller Adventsmarkt"},"content":{"rendered":"<p>Im sch\u00f6nen Park und der Aula des St. Paulus Stifts Neu\u00f6tting erwartet die Besucher ein gem\u00fctlicher und entspannter Adventsmarkt abseits des Trubels. An zahlreichen St\u00e4nden gibt es unter anderem Glas- &amp; Holzkunst, Gefilztes, Gestricktes, Gestecke und vielerlei andere sch\u00f6ne selbstgemachte Dinge zu entdecken. Auch das kulinarische Angebot ist vielf\u00e4ltig: Es gibt z.B. selbst gemachten Punsch, Pl\u00e4tzchen, Waffeln, Cr\u00eapes, frische Auszogne, Bosna und sogar eine Saftbar. F\u00fcr die Kleinen gibt es Lamas zum Streicheln und um 15.00 Uhr noch einen \u00dcberraschungsgast: den Nikolaus. \u00dcber viele Besucher freuen sich die Menschen im St. Paulus Stift sehr. Die Buden sind von 13h bis 18h ge\u00f6ffnet.<\/p>\n","protected":false},"excerpt":{"rendered":"<p>Im sch\u00f6nen Park und der Aula des St. Paulus Stifts Neu\u00f6tting erwartet die Besucher ein gem\u00fctlicher und entspannter Adventsmarkt abseits des Trubels. An zahlreichen St\u00e4nden gibt es unter anderem Glas- \u2026<\/p>\n","protected":false},"author":19,"featured_media":7415,"template":"","meta":{"_acf_changed":false,"_tribe_events_status":"","_tribe_events_status_reason":"","footnotes":""},"tags":[],"tribe_events_cat":[35],"class_list":["post-10122","tribe_events","type-tribe_events","status-publish","has-post-thumbnail","hentry","tribe_events_cat-st-paulus-stift-neuoetting","cat_st-paulus-stift-neuoetting"],"acf":[],"publishpress_future_workflow_manual_trigger":{"enabledWorkflows":[]},"_links":{"self":[{"href":"https:\/\/jfb-stiftung.de\/st-paulus-stift-neuoetting\/wp-json\/wp\/v2\/tribe_events\/10122","targetHints":{"allow":["GET"]}}],"collection":[{"href":"https:\/\/jfb-stiftung.de\/st-paulus-stift-neuoetting\/wp-json\/wp\/v2\/tribe_events"}],"about":[{"href":"https:\/\/jfb-stiftung.de\/st-paulus-stift-neuoetting\/wp-json\/wp\/v2\/types\/tribe_events"}],"author":[{"embeddable":true,"href":"https:\/\/jfb-stiftung.de\/st-paulus-stift-neuoetting\/wp-json\/wp\/v2\/users\/19"}],"version-history":[{"count":2,"href":"https:\/\/jfb-stiftung.de\/st-paulus-stift-neuoetting\/wp-json\/wp\/v2\/tribe_events\/10122\/revisions"}],"predecessor-version":[{"id":10556,"href":"https:\/\/jfb-stiftung.de\/st-paulus-stift-neuoetting\/wp-json\/wp\/v2\/tribe_events\/10122\/revisions\/10556"}],"wp:featuredmedia":[{"embeddable":true,"href":"https:\/\/jfb-stiftung.de\/st-paulus-stift-neuoetting\/wp-json\/wp\/v2\/media\/7415"}],"wp:attachment":[{"href":"https:\/\/jfb-stiftung.de\/st-paulus-stift-neuoetting\/wp-json\/wp\/v2\/media?parent=10122"}],"wp:term":[{"taxonomy":"post_tag","embeddable":true,"href":"https:\/\/jfb-stiftung.de\/st-paulus-stift-neuoetting\/wp-json\/wp\/v2\/tags?post=10122"},{"taxonomy":"tribe_events_cat","embeddable":true,"href":"https:\/\/jfb-stiftung.de\/st-paulus-stift-neuoetting\/wp-json\/wp\/v2\/tribe_events_cat?post=10122"}],"curies":[{"name":"wp","href":"https:\/\/api.w.org\/{rel}","templated":true}]}}

<p>Im schönen Park und der Aula des St. Paulus Stifts Neuötting erwartet die Besucher ein gemütlicher und entspannter Adventsmarkt abseits des Trubels. An zahlreichen Ständen gibt es unter anderem Glas- &amp; Holzkunst, Gefilztes, Gestricktes, Gestecke und vielerlei andere schöne selbstgemachte Dinge zu entdecken. Auch das kulinarische Angebot ist vielfältig: Es gibt z.B. selbst gemachten Punsch, Plätzchen, Waffeln, Crêpes, frische Auszogne, Bosna und sogar eine Saftbar. Für die Kleinen gibt es Lamas zum Streicheln und um 15.00 Uhr noch einen Überraschungsgast: den Nikolaus. Über viele Besucher freuen sich die Menschen im St. Paulus Stift sehr. Die Buden sind von 13h bis 18h geöffnet.</p>

<p>Im schönen Park und der Aula des St. Paulus Stifts Neuötting erwartet die Besucher ein gemütlicher und entspannter Adventsmarkt abseits des Trubels. An zahlreichen Ständen gibt es unter anderem Glas- …</p>
