{"id":10110,"date":"2025-05-05T16:26:17","date_gmt":"2025-05-05T14:26:17","guid":{"rendered":"https:\/\/jfb-stiftung.de\/st-paulus-stift-neuoetting\/?post_type=tribe_events&#038;p=10110"},"modified":"2025-05-05T16:26:18","modified_gmt":"2025-05-05T14:26:18","slug":"zuenftiges-oktoberfest-2","status":"publish","type":"tribe_events","link":"https:\/\/jfb-stiftung.de\/st-paulus-stift-neuoetting\/veranstaltung\/zuenftiges-oktoberfest-2\/","title":{"rendered":"Z\u00fcnftiges Oktoberfest"},"content":{"rendered":"<p>Z\u00fcnftig und gem\u00fctlich soll es beim diesj\u00e4hrigen Oktoberfest f\u00fcr alle Bewohnerinnen und Bewohner und nat\u00fcrlich auch alle Mitarbeiterinnen und Mitarbeiter zugehen. Ganz entspannt soll das Fest im Garten und in der Aula des St. Paulus Stifts stattfinden. Alle sollen sich\u00a0 wohlf\u00fchlen und eine gute Zeit haben. Selbstverst\u00e4ndlich ist f\u00fcr das leibliche Wohl mit bayerischen Schmankerln bestens gesorgt und die musikalische Unterhaltung\u00a0 ist nat\u00fcrlich auch standesgem\u00e4\u00df f\u00fcr ein Oktoberfest. Auch der Neu\u00f6ttinger Trachtenverein &#8222;Edelwei\u00df&#8220; schaut vorbei!Um die Gem\u00fctlichkeit zu wahren, ist das Oktoberfest als internes Fest geplant.<\/p>\n\n\t\t<style type=\"text\/css\">\n\t\t\t#gallery-1 {\n\t\t\t\tmargin: auto;\n\t\t\t}\n\t\t\t#gallery-1 .gallery-item {\n\t\t\t\tfloat: left;\n\t\t\t\tmargin-top: 10px;\n\t\t\t\ttext-align: center;\n\t\t\t\twidth: 33%;\n\t\t\t}\n\t\t\t#gallery-1 img {\n\t\t\t\tborder: 2px solid #cfcfcf;\n\t\t\t}\n\t\t\t#gallery-1 .gallery-caption {\n\t\t\t\tmargin-left: 0;\n\t\t\t}\n\t\t\t\/* see gallery_shortcode() in wp-includes\/media.php *\/\n\t\t<\/style>\n\t\t<div id='gallery-1' class='gallery galleryid-10110 gallery-columns-3 gallery-size-thumbnail'><dl class='gallery-item'>\n\t\t\t<dt class='gallery-icon portrait'>\n\t\t\t\t<a href='https:\/\/jfb-stiftung.de\/st-paulus-stift-neuoetting\/oktoberfest-im-st-paulus-stift\/oktoberfest-zuckerwatte-2023\/'><img fetchpriority=\"high\" decoding=\"async\" width=\"500\" height=\"500\" src=\"https:\/\/jfb-stiftung.de\/st-paulus-stift-neuoetting\/wp-content\/uploads\/sites\/9\/2023\/10\/Oktoberfest-Zuckerwatte-2023-scaled-500x500.jpg\" class=\"attachment-thumbnail size-thumbnail\" alt=\"\"><\/a>\n\t\t\t<\/dt><\/dl><dl class='gallery-item'>\n\t\t\t<dt class='gallery-icon landscape'>\n\t\t\t\t<a href='https:\/\/jfb-stiftung.de\/st-paulus-stift-neuoetting\/oktoberfest-im-st-paulus-stift\/oktoberfest-sps-noe-i-2023\/'><img decoding=\"async\" width=\"500\" height=\"500\" src=\"https:\/\/jfb-stiftung.de\/st-paulus-stift-neuoetting\/wp-content\/uploads\/sites\/9\/2023\/10\/Oktoberfest-SPS-NOe-I-2023-500x500.jpg\" class=\"attachment-thumbnail size-thumbnail\" alt=\"\"><\/a>\n\t\t\t<\/dt><\/dl><dl class='gallery-item'>\n\t\t\t<dt class='gallery-icon portrait'>\n\t\t\t\t<a href='https:\/\/jfb-stiftung.de\/st-paulus-stift-neuoetting\/oktoberfest-im-st-paulus-stift\/oktoberfest-tanzgruppe-sps-noe-2023\/'><img decoding=\"async\" width=\"500\" height=\"500\" src=\"https:\/\/jfb-stiftung.de\/st-paulus-stift-neuoetting\/wp-content\/uploads\/sites\/9\/2023\/10\/Oktoberfest-Tanzgruppe-SPS-NOe-2023-scaled-500x500.jpg\" class=\"attachment-thumbnail size-thumbnail\" alt=\"\"><\/a>\n\t\t\t<\/dt><\/dl><br style=\"clear: both\" \/>\n\t\t<\/div>\n\n","protected":false},"excerpt":{"rendered":"<p>Z\u00fcnftig und gem\u00fctlich soll es beim diesj\u00e4hrigen Oktoberfest f\u00fcr alle Bewohnerinnen und Bewohner und nat\u00fcrlich auch alle Mitarbeiterinnen und Mitarbeiter zugehen. Ganz entspannt soll das Fest im Garten und in \u2026<\/p>\n","protected":false},"author":19,"featured_media":7239,"template":"","meta":{"_acf_changed":false,"_tribe_events_status":"","_tribe_events_status_reason":"","footnotes":""},"tags":[],"tribe_events_cat":[35],"class_list":["post-10110","tribe_events","type-tribe_events","status-publish","has-post-thumbnail","hentry","tribe_events_cat-st-paulus-stift-neuoetting","cat_st-paulus-stift-neuoetting"],"acf":[],"publishpress_future_workflow_manual_trigger":{"enabledWorkflows":[]},"_links":{"self":[{"href":"https:\/\/jfb-stiftung.de\/st-paulus-stift-neuoetting\/wp-json\/wp\/v2\/tribe_events\/10110","targetHints":{"allow":["GET"]}}],"collection":[{"href":"https:\/\/jfb-stiftung.de\/st-paulus-stift-neuoetting\/wp-json\/wp\/v2\/tribe_events"}],"about":[{"href":"https:\/\/jfb-stiftung.de\/st-paulus-stift-neuoetting\/wp-json\/wp\/v2\/types\/tribe_events"}],"author":[{"embeddable":true,"href":"https:\/\/jfb-stiftung.de\/st-paulus-stift-neuoetting\/wp-json\/wp\/v2\/users\/19"}],"version-history":[{"count":7,"href":"https:\/\/jfb-stiftung.de\/st-paulus-stift-neuoetting\/wp-json\/wp\/v2\/tribe_events\/10110\/revisions"}],"predecessor-version":[{"id":10117,"href":"https:\/\/jfb-stiftung.de\/st-paulus-stift-neuoetting\/wp-json\/wp\/v2\/tribe_events\/10110\/revisions\/10117"}],"wp:featuredmedia":[{"embeddable":true,"href":"https:\/\/jfb-stiftung.de\/st-paulus-stift-neuoetting\/wp-json\/wp\/v2\/media\/7239"}],"wp:attachment":[{"href":"https:\/\/jfb-stiftung.de\/st-paulus-stift-neuoetting\/wp-json\/wp\/v2\/media?parent=10110"}],"wp:term":[{"taxonomy":"post_tag","embeddable":true,"href":"https:\/\/jfb-stiftung.de\/st-paulus-stift-neuoetting\/wp-json\/wp\/v2\/tags?post=10110"},{"taxonomy":"tribe_events_cat","embeddable":true,"href":"https:\/\/jfb-stiftung.de\/st-paulus-stift-neuoetting\/wp-json\/wp\/v2\/tribe_events_cat?post=10110"}],"curies":[{"name":"wp","href":"https:\/\/api.w.org\/{rel}","templated":true}]}}

Zünftiges Oktoberfest

<p>Zünftig und gemütlich soll es beim diesjährigen Oktoberfest für alle Bewohnerinnen und Bewohner und natürlich auch alle Mitarbeiterinnen und Mitarbeiter zugehen. Ganz entspannt soll das Fest im Garten und in der Aula des St. Paulus Stifts stattfinden. Alle sollen sich  wohlfühlen und eine gute Zeit haben. Selbstverständlich ist für das leibliche Wohl mit bayerischen Schmankerln bestens gesorgt und die musikalische Unterhaltung  ist natürlich auch standesgemäß für ein Oktoberfest. Auch der Neuöttinger Trachtenverein &#8222;Edelweiß&#8220; schaut vorbei!Um die Gemütlichkeit zu wahren, ist das Oktoberfest als internes Fest geplant.</p>

		<style type="text/css">
			#gallery-1 {
				margin: auto;
			}
			#gallery-1 .gallery-item {
				float: left;
				margin-top: 10px;
				text-align: center;
				width: 33%;
			}
			#gallery-1 img {
				border: 2px solid #cfcfcf;
			}
			#gallery-1 .gallery-caption {
				margin-left: 0;
			}
			/* see gallery_shortcode() in wp-includes/media.php */
		</style>
		<div id='gallery-1' class='gallery galleryid-10110 gallery-columns-3 gallery-size-thumbnail'><dl class='gallery-item'>
			<dt class='gallery-icon portrait'>
				<a href='https://jfb-stiftung.de/st-paulus-stift-neuoetting/oktoberfest-im-st-paulus-stift/oktoberfest-zuckerwatte-2023/'><img fetchpriority="high" decoding="async" width="500" height="500" src="https://jfb-stiftung.de/st-paulus-stift-neuoetting/wp-content/uploads/sites/9/2023/10/Oktoberfest-Zuckerwatte-2023-scaled-500x500.jpg" class="attachment-thumbnail size-thumbnail" alt=""></a>
			</dt></dl><dl class='gallery-item'>
			<dt class='gallery-icon landscape'>
				<a href='https://jfb-stiftung.de/st-paulus-stift-neuoetting/oktoberfest-im-st-paulus-stift/oktoberfest-sps-noe-i-2023/'><img decoding="async" width="500" height="500" src="https://jfb-stiftung.de/st-paulus-stift-neuoetting/wp-content/uploads/sites/9/2023/10/Oktoberfest-SPS-NOe-I-2023-500x500.jpg" class="attachment-thumbnail size-thumbnail" alt=""></a>
			</dt></dl><dl class='gallery-item'>
			<dt class='gallery-icon portrait'>
				<a href='https://jfb-stiftung.de/st-paulus-stift-neuoetting/oktoberfest-im-st-paulus-stift/oktoberfest-tanzgruppe-sps-noe-2023/'><img decoding="async" width="500" height="500" src="https://jfb-stiftung.de/st-paulus-stift-neuoetting/wp-content/uploads/sites/9/2023/10/Oktoberfest-Tanzgruppe-SPS-NOe-2023-scaled-500x500.jpg" class="attachment-thumbnail size-thumbnail" alt=""></a>
			</dt></dl><br style="clear: both" />
		</div>

<p>Zünftig und gemütlich soll es beim diesjährigen Oktoberfest für alle Bewohnerinnen und Bewohner und natürlich auch alle Mitarbeiterinnen und Mitarbeiter zugehen. Ganz entspannt soll das Fest im Garten und in …</p>
