{"id":10098,"date":"2025-05-05T16:17:12","date_gmt":"2025-05-05T14:17:12","guid":{"rendered":"https:\/\/jfb-stiftung.de\/st-paulus-stift-neuoetting\/veranstaltung\/maifest\/"},"modified":"2025-05-05T16:18:18","modified_gmt":"2025-05-05T14:18:18","slug":"maifest","status":"publish","type":"tribe_events","link":"https:\/\/jfb-stiftung.de\/st-paulus-stift-neuoetting\/veranstaltung\/maifest\/","title":{"rendered":"Gem\u00fctliches Maifest"},"content":{"rendered":"<p>Rund um den aufgestellten Maibaum im Innenhof des St. Paulus Stifts wird traditionell ein Maifest gefeiert.\u00a0 Die Veranstaltung ist bei allen Menschen, die in der Einrichtung leben und arbeiten, sehr beliebt.\u00a0 Wie es der Brauch ist, gibt es eine z\u00fcnftige bayerische\u00a0 Brotzeit und ein feines Kuchenbuffet.\u00a0 Eine Blaskapelle spielt auf zum Tanzen und Schunkeln und lustige Spiele wie Ma\u00dfkrugschieben oder Dosenwerfen sorgen f\u00fcr reichlich Abwechslung an diesem Nachmittag.\u00a0 Zur Freude aller schaut auch die Jugendgruppe des\u00a0 Neu\u00f6ttinger Trachtenvereins &#8222;Edelwei\u00df&#8220; vorbei und unterh\u00e4lt das Publikum mit seinen Tanzeinlagen. Selbstverst\u00e4ndlich wird niemand weggeschickt, aber das Maifest ist eine interne Veranstaltung des St. Paulus Stifts.<\/p>\n\n\t\t<style type=\"text\/css\">\n\t\t\t#gallery-1 {\n\t\t\t\tmargin: auto;\n\t\t\t}\n\t\t\t#gallery-1 .gallery-item {\n\t\t\t\tfloat: left;\n\t\t\t\tmargin-top: 10px;\n\t\t\t\ttext-align: center;\n\t\t\t\twidth: 33%;\n\t\t\t}\n\t\t\t#gallery-1 img {\n\t\t\t\tborder: 2px solid #cfcfcf;\n\t\t\t}\n\t\t\t#gallery-1 .gallery-caption {\n\t\t\t\tmargin-left: 0;\n\t\t\t}\n\t\t\t\/* see gallery_shortcode() in wp-includes\/media.php *\/\n\t\t<\/style>\n\t\t<div id='gallery-1' class='gallery galleryid-10098 gallery-columns-3 gallery-size-thumbnail'><dl class='gallery-item'>\n\t\t\t<dt class='gallery-icon portrait'>\n\t\t\t\t<a href='https:\/\/jfb-stiftung.de\/st-paulus-stift-neuoetting\/schee-wars-unser-maibaumbaumfest\/maibaumfest-noe-2023-4\/'><img fetchpriority=\"high\" decoding=\"async\" width=\"500\" height=\"500\" src=\"https:\/\/jfb-stiftung.de\/st-paulus-stift-neuoetting\/wp-content\/uploads\/sites\/9\/2023\/05\/Maibaumfest-NOe-2023-4-scaled-500x500.jpg\" class=\"attachment-thumbnail size-thumbnail\" alt=\"\"><\/a>\n\t\t\t<\/dt><\/dl><dl class='gallery-item'>\n\t\t\t<dt class='gallery-icon portrait'>\n\t\t\t\t<a href='https:\/\/jfb-stiftung.de\/st-paulus-stift-neuoetting\/schee-wars-unser-maibaumbaumfest\/maibaumfest-noe-2023-2\/'><img decoding=\"async\" width=\"500\" height=\"500\" src=\"https:\/\/jfb-stiftung.de\/st-paulus-stift-neuoetting\/wp-content\/uploads\/sites\/9\/2023\/05\/Maibaumfest-NOe-2023-2-scaled-500x500.jpg\" class=\"attachment-thumbnail size-thumbnail\" alt=\"\"><\/a>\n\t\t\t<\/dt><\/dl><dl class='gallery-item'>\n\t\t\t<dt class='gallery-icon portrait'>\n\t\t\t\t<a href='https:\/\/jfb-stiftung.de\/st-paulus-stift-neuoetting\/maibaumfest-noe-2023-1\/'><img decoding=\"async\" width=\"500\" height=\"500\" src=\"https:\/\/jfb-stiftung.de\/st-paulus-stift-neuoetting\/wp-content\/uploads\/sites\/9\/2023\/05\/Maibaumfest-NOe-2023-1-scaled-500x500.jpg\" class=\"attachment-thumbnail size-thumbnail\" alt=\"\"><\/a>\n\t\t\t<\/dt><\/dl><br style=\"clear: both\" \/>\n\t\t<\/div>\n\n<p>&nbsp;<\/p>\n","protected":false},"excerpt":{"rendered":"<p>Rund um den aufgestellten Maibaum im Innenhof des St. Paulus Stifts wird traditionell ein Maifest gefeiert.\u00a0 Die Veranstaltung ist bei allen Menschen, die in der Einrichtung leben und arbeiten, sehr \u2026<\/p>\n","protected":false},"author":19,"featured_media":6015,"template":"","meta":{"_acf_changed":false,"_tribe_events_status":"","_tribe_events_status_reason":"","footnotes":""},"tags":[],"tribe_events_cat":[35],"class_list":["post-10098","tribe_events","type-tribe_events","status-publish","has-post-thumbnail","hentry","tribe_events_cat-st-paulus-stift-neuoetting","cat_st-paulus-stift-neuoetting"],"acf":[],"publishpress_future_workflow_manual_trigger":{"enabledWorkflows":[]},"_links":{"self":[{"href":"https:\/\/jfb-stiftung.de\/st-paulus-stift-neuoetting\/wp-json\/wp\/v2\/tribe_events\/10098","targetHints":{"allow":["GET"]}}],"collection":[{"href":"https:\/\/jfb-stiftung.de\/st-paulus-stift-neuoetting\/wp-json\/wp\/v2\/tribe_events"}],"about":[{"href":"https:\/\/jfb-stiftung.de\/st-paulus-stift-neuoetting\/wp-json\/wp\/v2\/types\/tribe_events"}],"author":[{"embeddable":true,"href":"https:\/\/jfb-stiftung.de\/st-paulus-stift-neuoetting\/wp-json\/wp\/v2\/users\/19"}],"version-history":[{"count":9,"href":"https:\/\/jfb-stiftung.de\/st-paulus-stift-neuoetting\/wp-json\/wp\/v2\/tribe_events\/10098\/revisions"}],"predecessor-version":[{"id":10109,"href":"https:\/\/jfb-stiftung.de\/st-paulus-stift-neuoetting\/wp-json\/wp\/v2\/tribe_events\/10098\/revisions\/10109"}],"wp:featuredmedia":[{"embeddable":true,"href":"https:\/\/jfb-stiftung.de\/st-paulus-stift-neuoetting\/wp-json\/wp\/v2\/media\/6015"}],"wp:attachment":[{"href":"https:\/\/jfb-stiftung.de\/st-paulus-stift-neuoetting\/wp-json\/wp\/v2\/media?parent=10098"}],"wp:term":[{"taxonomy":"post_tag","embeddable":true,"href":"https:\/\/jfb-stiftung.de\/st-paulus-stift-neuoetting\/wp-json\/wp\/v2\/tags?post=10098"},{"taxonomy":"tribe_events_cat","embeddable":true,"href":"https:\/\/jfb-stiftung.de\/st-paulus-stift-neuoetting\/wp-json\/wp\/v2\/tribe_events_cat?post=10098"}],"curies":[{"name":"wp","href":"https:\/\/api.w.org\/{rel}","templated":true}]}}

Gemütliches Maifest

<p>Rund um den aufgestellten Maibaum im Innenhof des St. Paulus Stifts wird traditionell ein Maifest gefeiert.  Die Veranstaltung ist bei allen Menschen, die in der Einrichtung leben und arbeiten, sehr beliebt.  Wie es der Brauch ist, gibt es eine zünftige bayerische  Brotzeit und ein feines Kuchenbuffet.  Eine Blaskapelle spielt auf zum Tanzen und Schunkeln und lustige Spiele wie Maßkrugschieben oder Dosenwerfen sorgen für reichlich Abwechslung an diesem Nachmittag.  Zur Freude aller schaut auch die Jugendgruppe des  Neuöttinger Trachtenvereins &#8222;Edelweiß&#8220; vorbei und unterhält das Publikum mit seinen Tanzeinlagen. Selbstverständlich wird niemand weggeschickt, aber das Maifest ist eine interne Veranstaltung des St. Paulus Stifts.</p>

		<style type="text/css">
			#gallery-1 {
				margin: auto;
			}
			#gallery-1 .gallery-item {
				float: left;
				margin-top: 10px;
				text-align: center;
				width: 33%;
			}
			#gallery-1 img {
				border: 2px solid #cfcfcf;
			}
			#gallery-1 .gallery-caption {
				margin-left: 0;
			}
			/* see gallery_shortcode() in wp-includes/media.php */
		</style>
		<div id='gallery-1' class='gallery galleryid-10098 gallery-columns-3 gallery-size-thumbnail'><dl class='gallery-item'>
			<dt class='gallery-icon portrait'>
				<a href='https://jfb-stiftung.de/st-paulus-stift-neuoetting/schee-wars-unser-maibaumbaumfest/maibaumfest-noe-2023-4/'><img fetchpriority="high" decoding="async" width="500" height="500" src="https://jfb-stiftung.de/st-paulus-stift-neuoetting/wp-content/uploads/sites/9/2023/05/Maibaumfest-NOe-2023-4-scaled-500x500.jpg" class="attachment-thumbnail size-thumbnail" alt=""></a>
			</dt></dl><dl class='gallery-item'>
			<dt class='gallery-icon portrait'>
				<a href='https://jfb-stiftung.de/st-paulus-stift-neuoetting/schee-wars-unser-maibaumbaumfest/maibaumfest-noe-2023-2/'><img decoding="async" width="500" height="500" src="https://jfb-stiftung.de/st-paulus-stift-neuoetting/wp-content/uploads/sites/9/2023/05/Maibaumfest-NOe-2023-2-scaled-500x500.jpg" class="attachment-thumbnail size-thumbnail" alt=""></a>
			</dt></dl><dl class='gallery-item'>
			<dt class='gallery-icon portrait'>
				<a href='https://jfb-stiftung.de/st-paulus-stift-neuoetting/maibaumfest-noe-2023-1/'><img decoding="async" width="500" height="500" src="https://jfb-stiftung.de/st-paulus-stift-neuoetting/wp-content/uploads/sites/9/2023/05/Maibaumfest-NOe-2023-1-scaled-500x500.jpg" class="attachment-thumbnail size-thumbnail" alt=""></a>
			</dt></dl><br style="clear: both" />
		</div>

<p>&nbsp;</p>
