{"id":1977,"date":"2021-05-14T11:29:40","date_gmt":"2021-05-14T09:29:40","guid":{"rendered":"https:\/\/jfb-stiftung.de\/st-paulus-stift-neuoetting\/?page_id=1977"},"modified":"2024-09-23T12:34:57","modified_gmt":"2024-09-23T10:34:57","slug":"aufsuchende-assistenzs-wohnen-fuer-menschen-mit-geistiger-beeintraechtigung","status":"publish","type":"page","link":"https:\/\/jfb-stiftung.de\/st-paulus-stift-neuoetting\/leistungen\/aufsuchende-assistenzs-wohnen-fuer-menschen-mit-geistiger-beeintraechtigung\/","title":{"rendered":"Aufsuchende Assistenz f\u00fcr Menschen mit geistiger Beeintr\u00e4chtigung"},"content":{"rendered":"\t\t<div data-elementor-type=\"wp-page\" data-elementor-id=\"1977\" class=\"elementor elementor-1977\" data-elementor-post-type=\"page\">\n\t\t\t\t\t\t<section class=\"elementor-section elementor-top-section elementor-element elementor-element-546c24e4 elementor-section-full_width elementor-section-stretched elementor-section-height-default elementor-section-height-default\" data-id=\"546c24e4\" data-element_type=\"section\" data-e-type=\"section\" data-settings=\"{&quot;stretch_section&quot;:&quot;section-stretched&quot;}\">\n\t\t\t\t\t\t<div class=\"elementor-container elementor-column-gap-no\">\n\t\t\t\t\t<div class=\"elementor-column elementor-col-100 elementor-top-column elementor-element elementor-element-6b8d5d57\" data-id=\"6b8d5d57\" data-element_type=\"column\" data-e-type=\"column\">\n\t\t\t<div class=\"elementor-widget-wrap elementor-element-populated\">\n\t\t\t\t\t\t<div class=\"elementor-element elementor-element-5324422a elementor--h-position-left elementor--v-position-bottom elementor-arrows-position-inside elementor-pagination-position-inside elementor-widget elementor-widget-slides\" data-id=\"5324422a\" data-element_type=\"widget\" data-e-type=\"widget\" data-settings=\"{&quot;autoplay_speed&quot;:&quot;10000&quot;,&quot;navigation&quot;:&quot;both&quot;,&quot;autoplay&quot;:&quot;yes&quot;,&quot;pause_on_hover&quot;:&quot;yes&quot;,&quot;pause_on_interaction&quot;:&quot;yes&quot;,&quot;infinite&quot;:&quot;yes&quot;,&quot;transition&quot;:&quot;slide&quot;,&quot;transition_speed&quot;:500}\" data-widget_type=\"slides.default\">\n\t\t\t\t\t\t\t\t\t\t<div class=\"elementor-slides-wrapper elementor-main-swiper swiper\" role=\"region\" aria-roledescription=\"carousel\" aria-label=\"Slider\" dir=\"ltr\" data-animation=\"fadeInLeft\">\n\t\t\t\t<div class=\"swiper-wrapper elementor-slides\">\n\t\t\t\t\t\t\t\t\t\t<div class=\"elementor-repeater-item-4c02bf4 swiper-slide\" role=\"group\" aria-roledescription=\"slide\"><div class=\"swiper-slide-bg\" role=\"img\" aria-label=\"230505 St. Paulus Stift (web 1920px) (3)\"><\/div><div class=\"swiper-slide-inner\" ><div class=\"swiper-slide-contents\"><\/div><\/div><\/div>\t\t\t\t<\/div>\n\t\t\t\t\t\t\t<\/div>\n\t\t\t\t\t\t\t\t<\/div>\n\t\t\t\t\t<\/div>\n\t\t<\/div>\n\t\t\t\t\t<\/div>\n\t\t<\/section>\n\t\t\t\t<section class=\"elementor-section elementor-top-section elementor-element elementor-element-4060873f elementor-section-stretched elementor-section-content-top container-main content-sidebars elementor-section-boxed elementor-section-height-default elementor-section-height-default\" data-id=\"4060873f\" data-element_type=\"section\" data-e-type=\"section\" data-settings=\"{&quot;background_background&quot;:&quot;classic&quot;,&quot;stretch_section&quot;:&quot;section-stretched&quot;}\">\n\t\t\t\t\t\t<div class=\"elementor-container elementor-column-gap-default\">\n\t\t\t\t\t<section class=\"elementor-column elementor-col-100 elementor-top-column elementor-element elementor-element-13fdeaaa\" data-id=\"13fdeaaa\" data-element_type=\"column\" data-e-type=\"column\">\n\t\t\t<div class=\"elementor-widget-wrap elementor-element-populated\">\n\t\t\t\t\t\t<div class=\"elementor-element elementor-element-320e2e8b elementor-widget elementor-widget-spacer\" data-id=\"320e2e8b\" data-element_type=\"widget\" data-e-type=\"widget\" data-widget_type=\"spacer.default\">\n\t\t\t\t\t\t\t<div class=\"elementor-spacer\">\n\t\t\t<div class=\"elementor-spacer-inner\"><\/div>\n\t\t<\/div>\n\t\t\t\t\t\t<\/div>\n\t\t\t\t<div class=\"elementor-element elementor-element-3882d7c elementor-widget elementor-widget-wp-widget-xyz_insert_php_widget\" data-id=\"3882d7c\" data-element_type=\"widget\" data-e-type=\"widget\" data-widget_type=\"wp-widget-xyz_insert_php_widget.default\">\n\t\t\t\t<div class=\"elementor-widget-container\">\n\t\t\t\t\t<h5> <\/h5><nav aria-label=\"breadcrumbs\" class=\"rank-math-breadcrumb\"><p><span class=\"last\">Startseite<\/span><\/p><\/nav>\t\t\t\t<\/div>\n\t\t\t\t<\/div>\n\t\t\t\t<div class=\"elementor-element elementor-element-22472a58 hyphenate elementor-widget elementor-widget-theme-post-title elementor-page-title elementor-widget-heading\" data-id=\"22472a58\" data-element_type=\"widget\" data-e-type=\"widget\" data-widget_type=\"theme-post-title.default\">\n\t\t\t\t\t<h1 class=\"elementor-heading-title elementor-size-default\">Aufsuchende Assistenz f\u00fcr Menschen mit geistiger Beeintr\u00e4chtigung<\/h1>\t\t\t\t<\/div>\n\t\t\t\t<div class=\"elementor-element elementor-element-0e565f8 elementor-widget elementor-widget-heading\" data-id=\"0e565f8\" data-element_type=\"widget\" data-e-type=\"widget\" data-widget_type=\"heading.default\">\n\t\t\t\t\t<h4 class=\"elementor-heading-title elementor-size-default\">Unterst\u00fctzung im Alltag <\/h4>\t\t\t\t<\/div>\n\t\t\t\t<div class=\"elementor-element elementor-element-71551edb elementor-widget elementor-widget-text-editor\" data-id=\"71551edb\" data-element_type=\"widget\" data-e-type=\"widget\" data-widget_type=\"text-editor.default\">\n\t\t\t\t\t\t\t\t\t<p>Im Rahmen der Aufsuchenden Assistenz begleiten wir im Landkreis Alt\u00f6tting erwachsene Menschen mit einer wesentlichen geistigen und\/oder k\u00f6rperlichen Behinderung oder von einer solchen Behinderung bedrohte Menschen. Die Aufsuchende Assistenz unterst\u00fctzt und begleitet Menschen mit Behinderung beim selbstst\u00e4ndigen Wohnen in einer eigenen Wohnung oder einer Wohngemeinschaft und bietet Unterst\u00fctzung in verschiedenen Bereichen des allt\u00e4glichen Lebens. <br \/>Die Betreuung richtet sich nach dem Hilfebedarf und der konkreten Lebenssituation der\/des Einzelnen. Die H\u00e4ufigkeit der Betreuungskontakte wird mit jeder\/jedem Klient*in individuell vereinbart. Einen Schwerpunkt unserer aufsuchenden Angebote legen wir auf die Organisation des pers\u00f6nlichen Tagesablaufs einer\/eines jeden Einzelnen in der eigenen Wohnung sowie auf die M\u00f6glichkeit der aktiven Teilnahme am gesellschaftlichen Leben. Hierzu bieten wir Hilfestellungen durch Beratung, p\u00e4dagogische Anleitung, Betreuung, Begleitung sowie weitere individuelle Hilfestellungen.<\/p>\t\t\t\t\t\t\t\t<\/div>\n\t\t\t\t<div class=\"elementor-element elementor-element-972b5fe elementor-widget elementor-widget-heading\" data-id=\"972b5fe\" data-element_type=\"widget\" data-e-type=\"widget\" data-widget_type=\"heading.default\">\n\t\t\t\t\t<h4 class=\"elementor-heading-title elementor-size-default\">Ausfl\u00fcge &amp; Unternehmungen: <\/h4>\t\t\t\t<\/div>\n\t\t\t\t<div class=\"elementor-element elementor-element-5440e0c elementor-widget elementor-widget-text-editor\" data-id=\"5440e0c\" data-element_type=\"widget\" data-e-type=\"widget\" data-widget_type=\"text-editor.default\">\n\t\t\t\t\t\t\t\t\t<p>Neben Hilfestellungen im Alltag bieten wir auch Ausfl\u00fcge und Unternehmungen aller Art an, die wir gemeinsam mit unseren Klientinnen und Klienten besprechen. <\/p>\t\t\t\t\t\t\t\t<\/div>\n\t\t\t\t<section class=\"elementor-section elementor-inner-section elementor-element elementor-element-f69e6dc elementor-section-boxed elementor-section-height-default elementor-section-height-default\" data-id=\"f69e6dc\" data-element_type=\"section\" data-e-type=\"section\">\n\t\t\t\t\t\t<div class=\"elementor-container elementor-column-gap-default\">\n\t\t\t\t\t<div class=\"elementor-column elementor-col-50 elementor-inner-column elementor-element elementor-element-ce28d8c\" data-id=\"ce28d8c\" data-element_type=\"column\" data-e-type=\"column\">\n\t\t\t<div class=\"elementor-widget-wrap elementor-element-populated\">\n\t\t\t\t\t\t<div class=\"elementor-element elementor-element-faee766 elementor-widget elementor-widget-text-editor\" data-id=\"faee766\" data-element_type=\"widget\" data-e-type=\"widget\" data-widget_type=\"text-editor.default\">\n\t\t\t\t\t\t\t\t\t<p>Hier ein Beispiel unserer Gruppe, die einen Ausflug zum \u201eBrazederhof\u201c in Taubenbach unternahm. Bei einem Hofrundgang lernten sie die dort lebenden Alpakas, Hochlandrinder, H\u00fchner und Bienen kennen. Die Alpakas fassten schnell Zutrauen und lie\u00dfen sich von den Besucherinnen und Besuchern f\u00fcttern. Im Anschluss erfuhren sie Wissenswertes \u00fcber die Verarbeitung der Alpaka-Wolle. Zum Abschluss wurde noch das \u201eWollst\u00fcberl\u201c besucht. Hier konnten Produkte rund um das Alpaka bewundert werden.<\/p>\t\t\t\t\t\t\t\t<\/div>\n\t\t\t\t\t<\/div>\n\t\t<\/div>\n\t\t\t\t<div class=\"elementor-column elementor-col-50 elementor-inner-column elementor-element elementor-element-b41f50d\" data-id=\"b41f50d\" data-element_type=\"column\" data-e-type=\"column\">\n\t\t\t<div class=\"elementor-widget-wrap elementor-element-populated\">\n\t\t\t\t\t\t<div class=\"elementor-element elementor-element-630d1c1 elementor-widget elementor-widget-image\" data-id=\"630d1c1\" data-element_type=\"widget\" data-e-type=\"widget\" data-widget_type=\"image.default\">\n\t\t\t\t\t\t\t\t\t\t\t\t\t\t\t<img fetchpriority=\"high\" decoding=\"async\" width=\"480\" height=\"350\" src=\"https:\/\/jfb-stiftung.de\/st-paulus-stift-neuoetting\/wp-content\/uploads\/sites\/9\/2021\/11\/Ausflug_Alpakas_Format.png\" class=\"attachment-large size-large wp-image-4942\" alt=\"\">\t\t\t\t\t\t\t\t\t\t\t\t\t\t\t<\/div>\n\t\t\t\t\t<\/div>\n\t\t<\/div>\n\t\t\t\t\t<\/div>\n\t\t<\/section>\n\t\t\t\t<div class=\"elementor-element elementor-element-d2911fd elementor-widget elementor-widget-spacer\" data-id=\"d2911fd\" data-element_type=\"widget\" data-e-type=\"widget\" data-widget_type=\"spacer.default\">\n\t\t\t\t\t\t\t<div class=\"elementor-spacer\">\n\t\t\t<div class=\"elementor-spacer-inner\"><\/div>\n\t\t<\/div>\n\t\t\t\t\t\t<\/div>\n\t\t\t\t<div class=\"elementor-element elementor-element-e761f61 elementor-align-right elementor-widget elementor-widget-button\" data-id=\"e761f61\" data-element_type=\"widget\" data-e-type=\"widget\" data-widget_type=\"button.default\">\n\t\t\t\t\t\t\t\t\t\t<a class=\"elementor-button elementor-button-link elementor-size-sm\" href=\"https:\/\/jfb-stiftung.de\/st-paulus-stift-neuoetting\/wp-content\/uploads\/sites\/9\/2021\/11\/Ausflug-zu-den-Alpakas.pdf\" target=\"_blank\">\n\t\t\t\t\t\t<span class=\"elementor-button-content-wrapper\">\n\t\t\t\t\t\t\t\t\t<span class=\"elementor-button-text\">Bildergalerie Ausflug<\/span>\n\t\t\t\t\t<\/span>\n\t\t\t\t\t<\/a>\n\t\t\t\t\t\t\t\t<\/div>\n\t\t\t\t<div class=\"elementor-element elementor-element-59179590 elementor-widget elementor-widget-spacer\" data-id=\"59179590\" data-element_type=\"widget\" data-e-type=\"widget\" data-widget_type=\"spacer.default\">\n\t\t\t\t\t\t\t<div class=\"elementor-spacer\">\n\t\t\t<div class=\"elementor-spacer-inner\"><\/div>\n\t\t<\/div>\n\t\t\t\t\t\t<\/div>\n\t\t\t\t\t<\/div>\n\t\t<\/section>\n\t\t\t\t\t<\/div>\n\t\t<\/section>\n\t\t\t\t<\/div>\n\t\t","protected":false},"excerpt":{"rendered":"<p>Unterst\u00fctzung im Alltag Im Rahmen der Aufsuchenden Assistenz begleiten wir im Landkreis Alt\u00f6tting erwachsene Menschen mit einer wesentlichen geistigen und\/oder k\u00f6rperlichen Behinderung oder von einer solchen Behinderung bedrohte Menschen. Die \u2026<\/p>\n","protected":false},"author":2,"featured_media":0,"parent":1975,"menu_order":40,"comment_status":"closed","ping_status":"closed","template":"","meta":{"_acf_changed":false,"footnotes":""},"class_list":["post-1977","page","type-page","status-publish","hentry"],"acf":[],"publishpress_future_action":{"enabled":false,"date":"2026-05-07 11:16:46","action":"change-status","newStatus":"draft","terms":[],"taxonomy":"","extraData":[]},"publishpress_future_workflow_manual_trigger":{"enabledWorkflows":[]},"_links":{"self":[{"href":"https:\/\/jfb-stiftung.de\/st-paulus-stift-neuoetting\/wp-json\/wp\/v2\/pages\/1977","targetHints":{"allow":["GET"]}}],"collection":[{"href":"https:\/\/jfb-stiftung.de\/st-paulus-stift-neuoetting\/wp-json\/wp\/v2\/pages"}],"about":[{"href":"https:\/\/jfb-stiftung.de\/st-paulus-stift-neuoetting\/wp-json\/wp\/v2\/types\/page"}],"author":[{"embeddable":true,"href":"https:\/\/jfb-stiftung.de\/st-paulus-stift-neuoetting\/wp-json\/wp\/v2\/users\/2"}],"replies":[{"embeddable":true,"href":"https:\/\/jfb-stiftung.de\/st-paulus-stift-neuoetting\/wp-json\/wp\/v2\/comments?post=1977"}],"version-history":[{"count":0,"href":"https:\/\/jfb-stiftung.de\/st-paulus-stift-neuoetting\/wp-json\/wp\/v2\/pages\/1977\/revisions"}],"up":[{"embeddable":true,"href":"https:\/\/jfb-stiftung.de\/st-paulus-stift-neuoetting\/wp-json\/wp\/v2\/pages\/1975"}],"wp:attachment":[{"href":"https:\/\/jfb-stiftung.de\/st-paulus-stift-neuoetting\/wp-json\/wp\/v2\/media?parent=1977"}],"curies":[{"name":"wp","href":"https:\/\/api.w.org\/{rel}","templated":true}]}}

Aufsuchende Assistenz für Menschen mit geistiger Beeinträchtigung

<div data-elementor-type="wp-page" data-elementor-id="1977" class="elementor elementor-1977" data-elementor-post-type="page">
						<section class="elementor-section elementor-top-section elementor-element elementor-element-546c24e4 elementor-section-full_width elementor-section-stretched elementor-section-height-default elementor-section-height-default" data-id="546c24e4" data-element_type="section" data-e-type="section" data-settings="{&quot;stretch_section&quot;:&quot;section-stretched&quot;}">
						<div class="elementor-container elementor-column-gap-no">
					<div class="elementor-column elementor-col-100 elementor-top-column elementor-element elementor-element-6b8d5d57" data-id="6b8d5d57" data-element_type="column" data-e-type="column">
			<div class="elementor-widget-wrap elementor-element-populated">
						<div class="elementor-element elementor-element-5324422a elementor--h-position-left elementor--v-position-bottom elementor-arrows-position-inside elementor-pagination-position-inside elementor-widget elementor-widget-slides" data-id="5324422a" data-element_type="widget" data-e-type="widget" data-settings="{&quot;autoplay_speed&quot;:&quot;10000&quot;,&quot;navigation&quot;:&quot;both&quot;,&quot;autoplay&quot;:&quot;yes&quot;,&quot;pause_on_hover&quot;:&quot;yes&quot;,&quot;pause_on_interaction&quot;:&quot;yes&quot;,&quot;infinite&quot;:&quot;yes&quot;,&quot;transition&quot;:&quot;slide&quot;,&quot;transition_speed&quot;:500}" data-widget_type="slides.default">
										<div class="elementor-slides-wrapper elementor-main-swiper swiper" role="region" aria-roledescription="carousel" aria-label="Slider" dir="ltr" data-animation="fadeInLeft">
				<div class="swiper-wrapper elementor-slides">
										<div class="elementor-repeater-item-4c02bf4 swiper-slide" role="group" aria-roledescription="slide"><div class="swiper-slide-bg" role="img" aria-label="230505 St. Paulus Stift (web 1920px) (3)"></div><div class="swiper-slide-inner" ><div class="swiper-slide-contents"></div></div></div>				</div>
							</div>
								</div>
					</div>
		</div>
					</div>
		</section>
				<section class="elementor-section elementor-top-section elementor-element elementor-element-4060873f elementor-section-stretched elementor-section-content-top container-main content-sidebars elementor-section-boxed elementor-section-height-default elementor-section-height-default" data-id="4060873f" data-element_type="section" data-e-type="section" data-settings="{&quot;background_background&quot;:&quot;classic&quot;,&quot;stretch_section&quot;:&quot;section-stretched&quot;}">
						<div class="elementor-container elementor-column-gap-default">
					<section class="elementor-column elementor-col-100 elementor-top-column elementor-element elementor-element-13fdeaaa" data-id="13fdeaaa" data-element_type="column" data-e-type="column">
			<div class="elementor-widget-wrap elementor-element-populated">
						<div class="elementor-element elementor-element-320e2e8b elementor-widget elementor-widget-spacer" data-id="320e2e8b" data-element_type="widget" data-e-type="widget" data-widget_type="spacer.default">
							<div class="elementor-spacer">
			<div class="elementor-spacer-inner"></div>
		</div>
						</div>
				<div class="elementor-element elementor-element-3882d7c elementor-widget elementor-widget-wp-widget-xyz_insert_php_widget" data-id="3882d7c" data-element_type="widget" data-e-type="widget" data-widget_type="wp-widget-xyz_insert_php_widget.default">
				<div class="elementor-widget-container">
					<h5> </h5><nav aria-label="breadcrumbs" class="rank-math-breadcrumb"><p><span class="last">Startseite</span></p></nav>				</div>
				</div>
				<div class="elementor-element elementor-element-22472a58 hyphenate elementor-widget elementor-widget-theme-post-title elementor-page-title elementor-widget-heading" data-id="22472a58" data-element_type="widget" data-e-type="widget" data-widget_type="theme-post-title.default">
					<h1 class="elementor-heading-title elementor-size-default">Aufsuchende Assistenz für Menschen mit geistiger Beeinträchtigung</h1>				</div>
				<div class="elementor-element elementor-element-0e565f8 elementor-widget elementor-widget-heading" data-id="0e565f8" data-element_type="widget" data-e-type="widget" data-widget_type="heading.default">
					<h4 class="elementor-heading-title elementor-size-default">Unterstützung im Alltag </h4>				</div>
				<div class="elementor-element elementor-element-71551edb elementor-widget elementor-widget-text-editor" data-id="71551edb" data-element_type="widget" data-e-type="widget" data-widget_type="text-editor.default">
									<p>Im Rahmen der Aufsuchenden Assistenz begleiten wir im Landkreis Altötting erwachsene Menschen mit einer wesentlichen geistigen und/oder körperlichen Behinderung oder von einer solchen Behinderung bedrohte Menschen. Die Aufsuchende Assistenz unterstützt und begleitet Menschen mit Behinderung beim selbstständigen Wohnen in einer eigenen Wohnung oder einer Wohngemeinschaft und bietet Unterstützung in verschiedenen Bereichen des alltäglichen Lebens. <br />Die Betreuung richtet sich nach dem Hilfebedarf und der konkreten Lebenssituation der/des Einzelnen. Die Häufigkeit der Betreuungskontakte wird mit jeder/jedem Klient*in individuell vereinbart. Einen Schwerpunkt unserer aufsuchenden Angebote legen wir auf die Organisation des persönlichen Tagesablaufs einer/eines jeden Einzelnen in der eigenen Wohnung sowie auf die Möglichkeit der aktiven Teilnahme am gesellschaftlichen Leben. Hierzu bieten wir Hilfestellungen durch Beratung, pädagogische Anleitung, Betreuung, Begleitung sowie weitere individuelle Hilfestellungen.</p>								</div>
				<div class="elementor-element elementor-element-972b5fe elementor-widget elementor-widget-heading" data-id="972b5fe" data-element_type="widget" data-e-type="widget" data-widget_type="heading.default">
					<h4 class="elementor-heading-title elementor-size-default">Ausflüge &amp; Unternehmungen: </h4>				</div>
				<div class="elementor-element elementor-element-5440e0c elementor-widget elementor-widget-text-editor" data-id="5440e0c" data-element_type="widget" data-e-type="widget" data-widget_type="text-editor.default">
									<p>Neben Hilfestellungen im Alltag bieten wir auch Ausflüge und Unternehmungen aller Art an, die wir gemeinsam mit unseren Klientinnen und Klienten besprechen. </p>								</div>
				<section class="elementor-section elementor-inner-section elementor-element elementor-element-f69e6dc elementor-section-boxed elementor-section-height-default elementor-section-height-default" data-id="f69e6dc" data-element_type="section" data-e-type="section">
						<div class="elementor-container elementor-column-gap-default">
					<div class="elementor-column elementor-col-50 elementor-inner-column elementor-element elementor-element-ce28d8c" data-id="ce28d8c" data-element_type="column" data-e-type="column">
			<div class="elementor-widget-wrap elementor-element-populated">
						<div class="elementor-element elementor-element-faee766 elementor-widget elementor-widget-text-editor" data-id="faee766" data-element_type="widget" data-e-type="widget" data-widget_type="text-editor.default">
									<p>Hier ein Beispiel unserer Gruppe, die einen Ausflug zum „Brazederhof“ in Taubenbach unternahm. Bei einem Hofrundgang lernten sie die dort lebenden Alpakas, Hochlandrinder, Hühner und Bienen kennen. Die Alpakas fassten schnell Zutrauen und ließen sich von den Besucherinnen und Besuchern füttern. Im Anschluss erfuhren sie Wissenswertes über die Verarbeitung der Alpaka-Wolle. Zum Abschluss wurde noch das „Wollstüberl“ besucht. Hier konnten Produkte rund um das Alpaka bewundert werden.</p>								</div>
					</div>
		</div>
				<div class="elementor-column elementor-col-50 elementor-inner-column elementor-element elementor-element-b41f50d" data-id="b41f50d" data-element_type="column" data-e-type="column">
			<div class="elementor-widget-wrap elementor-element-populated">
						<div class="elementor-element elementor-element-630d1c1 elementor-widget elementor-widget-image" data-id="630d1c1" data-element_type="widget" data-e-type="widget" data-widget_type="image.default">
															<img fetchpriority="high" decoding="async" width="480" height="350" src="https://jfb-stiftung.de/st-paulus-stift-neuoetting/wp-content/uploads/sites/9/2021/11/Ausflug_Alpakas_Format.png" class="attachment-large size-large wp-image-4942" alt="">															</div>
					</div>
		</div>
					</div>
		</section>
				<div class="elementor-element elementor-element-d2911fd elementor-widget elementor-widget-spacer" data-id="d2911fd" data-element_type="widget" data-e-type="widget" data-widget_type="spacer.default">
							<div class="elementor-spacer">
			<div class="elementor-spacer-inner"></div>
		</div>
						</div>
				<div class="elementor-element elementor-element-e761f61 elementor-align-right elementor-widget elementor-widget-button" data-id="e761f61" data-element_type="widget" data-e-type="widget" data-widget_type="button.default">
										<a class="elementor-button elementor-button-link elementor-size-sm" href="https://jfb-stiftung.de/st-paulus-stift-neuoetting/wp-content/uploads/sites/9/2021/11/Ausflug-zu-den-Alpakas.pdf" target="_blank">
						<span class="elementor-button-content-wrapper">
									<span class="elementor-button-text">Bildergalerie Ausflug</span>
					</span>
					</a>
								</div>
				<div class="elementor-element elementor-element-59179590 elementor-widget elementor-widget-spacer" data-id="59179590" data-element_type="widget" data-e-type="widget" data-widget_type="spacer.default">
							<div class="elementor-spacer">
			<div class="elementor-spacer-inner"></div>
		</div>
						</div>
					</div>
		</section>
					</div>
		</section>
				</div>

<p>Unterstützung im Alltag Im Rahmen der Aufsuchenden Assistenz begleiten wir im Landkreis Altötting erwachsene Menschen mit einer wesentlichen geistigen und/oder körperlichen Behinderung oder von einer solchen Behinderung bedrohte Menschen. Die …</p>
