{"id":1952,"date":"2021-05-14T11:24:38","date_gmt":"2021-05-14T09:24:38","guid":{"rendered":"https:\/\/jfb-stiftung.de\/st-paulus-stift-neuoetting\/?page_id=1952"},"modified":"2024-07-18T13:58:41","modified_gmt":"2024-07-18T11:58:41","slug":"bewohnerinnenvertretung","status":"publish","type":"page","link":"https:\/\/jfb-stiftung.de\/st-paulus-stift-neuoetting\/wir-ueber-uns\/bewohnerinnenvertretung\/","title":{"rendered":"Bewohner*innenvertretung"},"content":{"rendered":"\t\t<div data-elementor-type=\"wp-page\" data-elementor-id=\"1952\" class=\"elementor elementor-1952\" data-elementor-post-type=\"page\">\n\t\t\t\t\t\t<section class=\"elementor-section elementor-top-section elementor-element elementor-element-7aa93cfb elementor-section-full_width elementor-section-stretched elementor-section-height-default elementor-section-height-default\" data-id=\"7aa93cfb\" data-element_type=\"section\" data-e-type=\"section\" data-settings=\"{&quot;stretch_section&quot;:&quot;section-stretched&quot;}\">\n\t\t\t\t\t\t<div class=\"elementor-container elementor-column-gap-no\">\n\t\t\t\t\t<div class=\"elementor-column elementor-col-100 elementor-top-column elementor-element elementor-element-4cc1deed\" data-id=\"4cc1deed\" data-element_type=\"column\" data-e-type=\"column\">\n\t\t\t<div class=\"elementor-widget-wrap elementor-element-populated\">\n\t\t\t\t\t\t<div class=\"elementor-element elementor-element-790aec97 elementor--h-position-left elementor--v-position-bottom elementor-arrows-position-inside elementor-pagination-position-inside elementor-widget elementor-widget-slides\" data-id=\"790aec97\" data-element_type=\"widget\" data-e-type=\"widget\" data-settings=\"{&quot;autoplay_speed&quot;:&quot;10000&quot;,&quot;navigation&quot;:&quot;both&quot;,&quot;autoplay&quot;:&quot;yes&quot;,&quot;pause_on_hover&quot;:&quot;yes&quot;,&quot;pause_on_interaction&quot;:&quot;yes&quot;,&quot;infinite&quot;:&quot;yes&quot;,&quot;transition&quot;:&quot;slide&quot;,&quot;transition_speed&quot;:500}\" data-widget_type=\"slides.default\">\n\t\t\t\t\t\t\t\t\t\t<div class=\"elementor-slides-wrapper elementor-main-swiper swiper\" role=\"region\" aria-roledescription=\"carousel\" aria-label=\"Slider\" dir=\"ltr\" data-animation=\"fadeInLeft\">\n\t\t\t\t<div class=\"swiper-wrapper elementor-slides\">\n\t\t\t\t\t\t\t\t\t\t<div class=\"elementor-repeater-item-4c02bf4 swiper-slide\" role=\"group\" aria-roledescription=\"slide\"><div class=\"swiper-slide-bg\" role=\"img\" aria-label=\"Bewohnervertetung Website 2024_lowres\"><\/div><div class=\"swiper-slide-inner\" ><div class=\"swiper-slide-contents\"><\/div><\/div><\/div>\t\t\t\t<\/div>\n\t\t\t\t\t\t\t<\/div>\n\t\t\t\t\t\t\t\t<\/div>\n\t\t\t\t\t<\/div>\n\t\t<\/div>\n\t\t\t\t\t<\/div>\n\t\t<\/section>\n\t\t\t\t<section class=\"elementor-section elementor-top-section elementor-element elementor-element-20e68c33 elementor-section-stretched elementor-section-content-top container-main content-sidebars elementor-section-boxed elementor-section-height-default elementor-section-height-default\" data-id=\"20e68c33\" data-element_type=\"section\" data-e-type=\"section\" data-settings=\"{&quot;background_background&quot;:&quot;classic&quot;,&quot;stretch_section&quot;:&quot;section-stretched&quot;}\">\n\t\t\t\t\t\t<div class=\"elementor-container elementor-column-gap-default\">\n\t\t\t\t\t<section class=\"elementor-column elementor-col-50 elementor-top-column elementor-element elementor-element-7cc0a019\" data-id=\"7cc0a019\" data-element_type=\"column\" data-e-type=\"column\">\n\t\t\t<div class=\"elementor-widget-wrap elementor-element-populated\">\n\t\t\t\t\t\t<div class=\"elementor-element elementor-element-3436a27e elementor-widget elementor-widget-spacer\" data-id=\"3436a27e\" data-element_type=\"widget\" data-e-type=\"widget\" data-widget_type=\"spacer.default\">\n\t\t\t\t\t\t\t<div class=\"elementor-spacer\">\n\t\t\t<div class=\"elementor-spacer-inner\"><\/div>\n\t\t<\/div>\n\t\t\t\t\t\t<\/div>\n\t\t\t\t<div class=\"elementor-element elementor-element-6f4aa970 elementor-widget elementor-widget-wp-widget-xyz_insert_php_widget\" data-id=\"6f4aa970\" data-element_type=\"widget\" data-e-type=\"widget\" data-widget_type=\"wp-widget-xyz_insert_php_widget.default\">\n\t\t\t\t<div class=\"elementor-widget-container\">\n\t\t\t\t\t<h5> <\/h5><nav aria-label=\"breadcrumbs\" class=\"rank-math-breadcrumb\"><p><span class=\"last\">Startseite<\/span><\/p><\/nav>\t\t\t\t<\/div>\n\t\t\t\t<\/div>\n\t\t\t\t<div class=\"elementor-element elementor-element-3537b275 hyphenate elementor-widget elementor-widget-theme-post-title elementor-page-title elementor-widget-heading\" data-id=\"3537b275\" data-element_type=\"widget\" data-e-type=\"widget\" data-widget_type=\"theme-post-title.default\">\n\t\t\t\t\t<h1 class=\"elementor-heading-title elementor-size-default\">Bewohner*innenvertretung<\/h1>\t\t\t\t<\/div>\n\t\t\t\t<div class=\"elementor-element elementor-element-bf72a49 elementor-widget elementor-widget-heading\" data-id=\"bf72a49\" data-element_type=\"widget\" data-e-type=\"widget\" data-widget_type=\"heading.default\">\n\t\t\t\t\t<h5 class=\"elementor-heading-title elementor-size-default\">Die Bewohner*innenvertretung ist ein von den Bewohner*innen gew\u00e4hltes Gremium.<\/h5>\t\t\t\t<\/div>\n\t\t\t\t<div class=\"elementor-element elementor-element-1336063 elementor-widget elementor-widget-text-editor\" data-id=\"1336063\" data-element_type=\"widget\" data-e-type=\"widget\" data-widget_type=\"text-editor.default\">\n\t\t\t\t\t\t\t\t\t<p>Die Amtszeit der Bewohner*innenvertretung dauert vier Jahre. Das bedeutet, alle vier Jahre werden die Beir\u00e4te neu gew\u00e4hlt. Jede\/r Bewohner*n, der\/die zum Zeitpunkt der Wahl im St. Paulus Stift Neu\u00f6tting wohnt, kann sich an der Wahl beteiligen bzw. sich als Kandidat*in zur Wahl stellen.<\/p><p>Die Bewohner*innenvertretung im St. Paulus Stift Neu\u00f6tting beteilig sich aktiv an der Gestaltung ihrer pers\u00f6nlichen Lebensverh\u00e4ltnisse der Bewohner*innen im St. Paulus Stift. \u00a0Die Mitglieder*innen der Bewohner*innenvertretung vertreten die Interessen und Belange der Bewohner*innen. Der Beirat kann bei Entscheidungen des Einrichtungstr\u00e4gers beratend mitwirken.<\/p><p>Wenn Sie bei uns eingezogen sind, werden wir Sie besuchen, um sie an Ihrem neuen Wohnort zu begr\u00fc\u00dfen. Auch wollen wir uns bei Ihnen pers\u00f6nlich vorstellen und Sie \u00fcber unsere Aktionen informieren. Die Aufgaben der Bewohner*innenvertretung finden Sie auch in unserem Flyer, den Sie beim Einzug erhalten.<\/p><p>Die Mitglieder der Bewohner*innenvertretung unterliegen dem Verschwiegenheitsgebot, das hei\u00dft, wenn Sie m\u00f6chten, bleiben sowohl Sie als auch Ihr Anliegen anonym. Aber: wir m\u00f6chten Sie ermuntern, sich an uns zu wenden und uns Ihre W\u00fcnsche und Vorstellungen mitzuteilen. Geben Sie Ihre Anregungen und Ihre Kritik an uns weiter, damit wir versuchen k\u00f6nnen, diese in die Gestaltung Ihres Lebensalltags einflie\u00dfen zu lassen und Verbesserungen zu erzielen.<\/p><p>Wenn Sie ein Problem haben, k\u00f6nnen sie auch zu einer der monatlich stattfindenden Sitzungen kommen. Sie haben eine Idee, wie wir unser Zusammenleben in unserer Einrichtung verbessern k\u00f6nnen? Auch dann sind Sie bei uns herzlich willkommen.<\/p><p><a href=\"https:\/\/jfb-stiftung.de\/st-paulus-stift-neuoetting\/neuwahlen-der-bewohnervertretung\/\" target=\"_blank\" rel=\"noopener\">Neuigkeiten zur Wahl der Bewohnervertretung 2024<\/a><\/p>\t\t\t\t\t\t\t\t<\/div>\n\t\t\t\t<div class=\"elementor-element elementor-element-7d3b42b elementor-widget elementor-widget-spacer\" data-id=\"7d3b42b\" data-element_type=\"widget\" data-e-type=\"widget\" data-widget_type=\"spacer.default\">\n\t\t\t\t\t\t\t<div class=\"elementor-spacer\">\n\t\t\t<div class=\"elementor-spacer-inner\"><\/div>\n\t\t<\/div>\n\t\t\t\t\t\t<\/div>\n\t\t\t\t\t<\/div>\n\t\t<\/section>\n\t\t\t\t<aside class=\"elementor-column elementor-col-50 elementor-top-column elementor-element elementor-element-246786d1 sidebar\" data-id=\"246786d1\" data-element_type=\"column\" data-e-type=\"column\">\n\t\t\t<div class=\"elementor-widget-wrap elementor-element-populated\">\n\t\t\t\t\t\t<div class=\"elementor-element elementor-element-33518b50 elementor-widget elementor-widget-spacer\" data-id=\"33518b50\" data-element_type=\"widget\" data-e-type=\"widget\" data-widget_type=\"spacer.default\">\n\t\t\t\t\t\t\t<div class=\"elementor-spacer\">\n\t\t\t<div class=\"elementor-spacer-inner\"><\/div>\n\t\t<\/div>\n\t\t\t\t\t\t<\/div>\n\t\t\t\t<div class=\"elementor-element elementor-element-561d6303 hyphenate elementor-widget elementor-widget-heading\" data-id=\"561d6303\" data-element_type=\"widget\" data-e-type=\"widget\" data-widget_type=\"heading.default\">\n\t\t\t\t\t<h4 class=\"elementor-heading-title elementor-size-default\">Kontakt<\/h4>\t\t\t\t<\/div>\n\t\t\t\t<div class=\"elementor-element elementor-element-ae5a04c elementor-widget elementor-widget-spacer\" data-id=\"ae5a04c\" data-element_type=\"widget\" data-e-type=\"widget\" data-widget_type=\"spacer.default\">\n\t\t\t\t\t\t\t<div class=\"elementor-spacer\">\n\t\t\t<div class=\"elementor-spacer-inner\"><\/div>\n\t\t<\/div>\n\t\t\t\t\t\t<\/div>\n\t\t\t\t<div class=\"elementor-element elementor-element-5dee4ed elementor-widget elementor-widget-text-editor\" data-id=\"5dee4ed\" data-element_type=\"widget\" data-e-type=\"widget\" data-widget_type=\"text-editor.default\">\n\t\t\t\t\t\t\t\t\t<p><b>Telefon: <\/b><br \/>\u00fcber die Telefonnummer, siehe Aushang Wohngruppen<\/p><p><strong>E-Mail: <\/strong><a href=\"mailto:noe_bewohnervertretung@jfb-stiftung.de\" target=\"_blank\" rel=\"noopener\">noe_bewohnervertretung@jfb-stiftung.de<\/a><\/p><p>Au\u00dferdem kann jede\/r Bewohner*in Mitteilungen in unser Postfach im Verwaltungsgeb\u00e4ude\/2.OG, einwerfen.<\/p>\t\t\t\t\t\t\t\t<\/div>\n\t\t\t\t<div class=\"elementor-element elementor-element-6a6fa7b elementor-align-right elementor-widget elementor-widget-button\" data-id=\"6a6fa7b\" data-element_type=\"widget\" data-e-type=\"widget\" data-widget_type=\"button.default\">\n\t\t\t\t\t\t\t\t\t\t<a class=\"elementor-button elementor-button-link elementor-size-sm\" href=\"https:\/\/jfb-stiftung.de\/st-paulus-stift-neuoetting\/wp-content\/uploads\/sites\/9\/2024\/07\/Flyer_Bewohnervertretung_2024.pdf\" target=\"_blank\">\n\t\t\t\t\t\t<span class=\"elementor-button-content-wrapper\">\n\t\t\t\t\t\t\t\t\t<span class=\"elementor-button-text\">Flyer<\/span>\n\t\t\t\t\t<\/span>\n\t\t\t\t\t<\/a>\n\t\t\t\t\t\t\t\t<\/div>\n\t\t\t\t<div class=\"elementor-element elementor-element-2bc576e elementor-widget elementor-widget-spacer\" data-id=\"2bc576e\" data-element_type=\"widget\" data-e-type=\"widget\" data-widget_type=\"spacer.default\">\n\t\t\t\t\t\t\t<div class=\"elementor-spacer\">\n\t\t\t<div class=\"elementor-spacer-inner\"><\/div>\n\t\t<\/div>\n\t\t\t\t\t\t<\/div>\n\t\t\t\t\t<\/div>\n\t\t<\/aside>\n\t\t\t\t\t<\/div>\n\t\t<\/section>\n\t\t\t\t<\/div>\n\t\t","protected":false},"excerpt":{"rendered":"<p>Die Bewohner*innenvertretung ist ein von den Bewohner*innen gew\u00e4hltes Gremium. Die Amtszeit der Bewohner*innenvertretung dauert vier Jahre. Das bedeutet, alle vier Jahre werden die Beir\u00e4te neu gew\u00e4hlt. Jede\/r Bewohner*n, der\/die zum \u2026<\/p>\n","protected":false},"author":1,"featured_media":0,"parent":13,"menu_order":10,"comment_status":"closed","ping_status":"closed","template":"","meta":{"_acf_changed":false,"footnotes":""},"class_list":["post-1952","page","type-page","status-publish","hentry"],"acf":[],"publishpress_future_action":{"enabled":false,"date":"2026-05-07 11:03:39","action":"change-status","newStatus":"draft","terms":[],"taxonomy":"","extraData":[]},"publishpress_future_workflow_manual_trigger":{"enabledWorkflows":[]},"_links":{"self":[{"href":"https:\/\/jfb-stiftung.de\/st-paulus-stift-neuoetting\/wp-json\/wp\/v2\/pages\/1952","targetHints":{"allow":["GET"]}}],"collection":[{"href":"https:\/\/jfb-stiftung.de\/st-paulus-stift-neuoetting\/wp-json\/wp\/v2\/pages"}],"about":[{"href":"https:\/\/jfb-stiftung.de\/st-paulus-stift-neuoetting\/wp-json\/wp\/v2\/types\/page"}],"author":[{"embeddable":true,"href":"https:\/\/jfb-stiftung.de\/st-paulus-stift-neuoetting\/wp-json\/wp\/v2\/users\/1"}],"replies":[{"embeddable":true,"href":"https:\/\/jfb-stiftung.de\/st-paulus-stift-neuoetting\/wp-json\/wp\/v2\/comments?post=1952"}],"version-history":[{"count":0,"href":"https:\/\/jfb-stiftung.de\/st-paulus-stift-neuoetting\/wp-json\/wp\/v2\/pages\/1952\/revisions"}],"up":[{"embeddable":true,"href":"https:\/\/jfb-stiftung.de\/st-paulus-stift-neuoetting\/wp-json\/wp\/v2\/pages\/13"}],"wp:attachment":[{"href":"https:\/\/jfb-stiftung.de\/st-paulus-stift-neuoetting\/wp-json\/wp\/v2\/media?parent=1952"}],"curies":[{"name":"wp","href":"https:\/\/api.w.org\/{rel}","templated":true}]}}

<div data-elementor-type="wp-page" data-elementor-id="1952" class="elementor elementor-1952" data-elementor-post-type="page">
						<section class="elementor-section elementor-top-section elementor-element elementor-element-7aa93cfb elementor-section-full_width elementor-section-stretched elementor-section-height-default elementor-section-height-default" data-id="7aa93cfb" data-element_type="section" data-e-type="section" data-settings="{&quot;stretch_section&quot;:&quot;section-stretched&quot;}">
						<div class="elementor-container elementor-column-gap-no">
					<div class="elementor-column elementor-col-100 elementor-top-column elementor-element elementor-element-4cc1deed" data-id="4cc1deed" data-element_type="column" data-e-type="column">
			<div class="elementor-widget-wrap elementor-element-populated">
						<div class="elementor-element elementor-element-790aec97 elementor--h-position-left elementor--v-position-bottom elementor-arrows-position-inside elementor-pagination-position-inside elementor-widget elementor-widget-slides" data-id="790aec97" data-element_type="widget" data-e-type="widget" data-settings="{&quot;autoplay_speed&quot;:&quot;10000&quot;,&quot;navigation&quot;:&quot;both&quot;,&quot;autoplay&quot;:&quot;yes&quot;,&quot;pause_on_hover&quot;:&quot;yes&quot;,&quot;pause_on_interaction&quot;:&quot;yes&quot;,&quot;infinite&quot;:&quot;yes&quot;,&quot;transition&quot;:&quot;slide&quot;,&quot;transition_speed&quot;:500}" data-widget_type="slides.default">
										<div class="elementor-slides-wrapper elementor-main-swiper swiper" role="region" aria-roledescription="carousel" aria-label="Slider" dir="ltr" data-animation="fadeInLeft">
				<div class="swiper-wrapper elementor-slides">
										<div class="elementor-repeater-item-4c02bf4 swiper-slide" role="group" aria-roledescription="slide"><div class="swiper-slide-bg" role="img" aria-label="Bewohnervertetung Website 2024_lowres"></div><div class="swiper-slide-inner" ><div class="swiper-slide-contents"></div></div></div>				</div>
							</div>
								</div>
					</div>
		</div>
					</div>
		</section>
				<section class="elementor-section elementor-top-section elementor-element elementor-element-20e68c33 elementor-section-stretched elementor-section-content-top container-main content-sidebars elementor-section-boxed elementor-section-height-default elementor-section-height-default" data-id="20e68c33" data-element_type="section" data-e-type="section" data-settings="{&quot;background_background&quot;:&quot;classic&quot;,&quot;stretch_section&quot;:&quot;section-stretched&quot;}">
						<div class="elementor-container elementor-column-gap-default">
					<section class="elementor-column elementor-col-50 elementor-top-column elementor-element elementor-element-7cc0a019" data-id="7cc0a019" data-element_type="column" data-e-type="column">
			<div class="elementor-widget-wrap elementor-element-populated">
						<div class="elementor-element elementor-element-3436a27e elementor-widget elementor-widget-spacer" data-id="3436a27e" data-element_type="widget" data-e-type="widget" data-widget_type="spacer.default">
							<div class="elementor-spacer">
			<div class="elementor-spacer-inner"></div>
		</div>
						</div>
				<div class="elementor-element elementor-element-6f4aa970 elementor-widget elementor-widget-wp-widget-xyz_insert_php_widget" data-id="6f4aa970" data-element_type="widget" data-e-type="widget" data-widget_type="wp-widget-xyz_insert_php_widget.default">
				<div class="elementor-widget-container">
					<h5> </h5><nav aria-label="breadcrumbs" class="rank-math-breadcrumb"><p><span class="last">Startseite</span></p></nav>				</div>
				</div>
				<div class="elementor-element elementor-element-3537b275 hyphenate elementor-widget elementor-widget-theme-post-title elementor-page-title elementor-widget-heading" data-id="3537b275" data-element_type="widget" data-e-type="widget" data-widget_type="theme-post-title.default">
					<h1 class="elementor-heading-title elementor-size-default">Bewohner*innenvertretung</h1>				</div>
				<div class="elementor-element elementor-element-bf72a49 elementor-widget elementor-widget-heading" data-id="bf72a49" data-element_type="widget" data-e-type="widget" data-widget_type="heading.default">
					<h5 class="elementor-heading-title elementor-size-default">Die Bewohner*innenvertretung ist ein von den Bewohner*innen gewähltes Gremium.</h5>				</div>
				<div class="elementor-element elementor-element-1336063 elementor-widget elementor-widget-text-editor" data-id="1336063" data-element_type="widget" data-e-type="widget" data-widget_type="text-editor.default">
									<p>Die Amtszeit der Bewohner*innenvertretung dauert vier Jahre. Das bedeutet, alle vier Jahre werden die Beiräte neu gewählt. Jede/r Bewohner*n, der/die zum Zeitpunkt der Wahl im St. Paulus Stift Neuötting wohnt, kann sich an der Wahl beteiligen bzw. sich als Kandidat*in zur Wahl stellen.</p><p>Die Bewohner*innenvertretung im St. Paulus Stift Neuötting beteilig sich aktiv an der Gestaltung ihrer persönlichen Lebensverhältnisse der Bewohner*innen im St. Paulus Stift.  Die Mitglieder*innen der Bewohner*innenvertretung vertreten die Interessen und Belange der Bewohner*innen. Der Beirat kann bei Entscheidungen des Einrichtungsträgers beratend mitwirken.</p><p>Wenn Sie bei uns eingezogen sind, werden wir Sie besuchen, um sie an Ihrem neuen Wohnort zu begrüßen. Auch wollen wir uns bei Ihnen persönlich vorstellen und Sie über unsere Aktionen informieren. Die Aufgaben der Bewohner*innenvertretung finden Sie auch in unserem Flyer, den Sie beim Einzug erhalten.</p><p>Die Mitglieder der Bewohner*innenvertretung unterliegen dem Verschwiegenheitsgebot, das heißt, wenn Sie möchten, bleiben sowohl Sie als auch Ihr Anliegen anonym. Aber: wir möchten Sie ermuntern, sich an uns zu wenden und uns Ihre Wünsche und Vorstellungen mitzuteilen. Geben Sie Ihre Anregungen und Ihre Kritik an uns weiter, damit wir versuchen können, diese in die Gestaltung Ihres Lebensalltags einfließen zu lassen und Verbesserungen zu erzielen.</p><p>Wenn Sie ein Problem haben, können sie auch zu einer der monatlich stattfindenden Sitzungen kommen. Sie haben eine Idee, wie wir unser Zusammenleben in unserer Einrichtung verbessern können? Auch dann sind Sie bei uns herzlich willkommen.</p><p><a href="https://jfb-stiftung.de/st-paulus-stift-neuoetting/neuwahlen-der-bewohnervertretung/" target="_blank" rel="noopener">Neuigkeiten zur Wahl der Bewohnervertretung 2024</a></p>								</div>
				<div class="elementor-element elementor-element-7d3b42b elementor-widget elementor-widget-spacer" data-id="7d3b42b" data-element_type="widget" data-e-type="widget" data-widget_type="spacer.default">
							<div class="elementor-spacer">
			<div class="elementor-spacer-inner"></div>
		</div>
						</div>
					</div>
		</section>
				<aside class="elementor-column elementor-col-50 elementor-top-column elementor-element elementor-element-246786d1 sidebar" data-id="246786d1" data-element_type="column" data-e-type="column">
			<div class="elementor-widget-wrap elementor-element-populated">
						<div class="elementor-element elementor-element-33518b50 elementor-widget elementor-widget-spacer" data-id="33518b50" data-element_type="widget" data-e-type="widget" data-widget_type="spacer.default">
							<div class="elementor-spacer">
			<div class="elementor-spacer-inner"></div>
		</div>
						</div>
				<div class="elementor-element elementor-element-561d6303 hyphenate elementor-widget elementor-widget-heading" data-id="561d6303" data-element_type="widget" data-e-type="widget" data-widget_type="heading.default">
					<h4 class="elementor-heading-title elementor-size-default">Kontakt</h4>				</div>
				<div class="elementor-element elementor-element-ae5a04c elementor-widget elementor-widget-spacer" data-id="ae5a04c" data-element_type="widget" data-e-type="widget" data-widget_type="spacer.default">
							<div class="elementor-spacer">
			<div class="elementor-spacer-inner"></div>
		</div>
						</div>
				<div class="elementor-element elementor-element-5dee4ed elementor-widget elementor-widget-text-editor" data-id="5dee4ed" data-element_type="widget" data-e-type="widget" data-widget_type="text-editor.default">
									<p><b>Telefon: </b><br />über die Telefonnummer, siehe Aushang Wohngruppen</p><p><strong>E-Mail: </strong><a href="mailto:noe_bewohnervertretung@jfb-stiftung.de" target="_blank" rel="noopener">noe_bewohnervertretung@jfb-stiftung.de</a></p><p>Außerdem kann jede/r Bewohner*in Mitteilungen in unser Postfach im Verwaltungsgebäude/2.OG, einwerfen.</p>								</div>
				<div class="elementor-element elementor-element-6a6fa7b elementor-align-right elementor-widget elementor-widget-button" data-id="6a6fa7b" data-element_type="widget" data-e-type="widget" data-widget_type="button.default">
										<a class="elementor-button elementor-button-link elementor-size-sm" href="https://jfb-stiftung.de/st-paulus-stift-neuoetting/wp-content/uploads/sites/9/2024/07/Flyer_Bewohnervertretung_2024.pdf" target="_blank">
						<span class="elementor-button-content-wrapper">
									<span class="elementor-button-text">Flyer</span>
					</span>
					</a>
								</div>
				<div class="elementor-element elementor-element-2bc576e elementor-widget elementor-widget-spacer" data-id="2bc576e" data-element_type="widget" data-e-type="widget" data-widget_type="spacer.default">
							<div class="elementor-spacer">
			<div class="elementor-spacer-inner"></div>
		</div>
						</div>
					</div>
		</aside>
					</div>
		</section>
				</div>

<p>Die Bewohner*innenvertretung ist ein von den Bewohner*innen gewähltes Gremium. Die Amtszeit der Bewohner*innenvertretung dauert vier Jahre. Das bedeutet, alle vier Jahre werden die Beiräte neu gewählt. Jede/r Bewohner*n, der/die zum …</p>
