{"id":8177,"date":"2025-01-13T11:56:04","date_gmt":"2025-01-13T10:56:04","guid":{"rendered":"https:\/\/jfb-stiftung.de\/st-paulus-stift-herxheim\/veranstaltung\/verkaufsstand-auf-dem-ruelzheimer-weihnachtsmarkt\/"},"modified":"2025-11-03T13:11:35","modified_gmt":"2025-11-03T12:11:35","slug":"verkaufsstand-auf-dem-ruelzheimer-weihnachtsmarkt","status":"publish","type":"tribe_events","link":"https:\/\/jfb-stiftung.de\/st-paulus-stift-herxheim\/veranstaltung\/verkaufsstand-auf-dem-ruelzheimer-weihnachtsmarkt\/","title":{"rendered":"Verkaufsstand auf dem R\u00fclzheimer Weihnachtsmarkt"},"content":{"rendered":"<p>Das Haus R\u00fclzheim mit allen Bewohner*innen und Mitarbeiter*innen hat auch in diesem Jahr wieder einen Stand auf dem Weihnachtsmarkt im Ort. Bereits Monate vorher sind alle flei\u00dfig damit besch\u00e4ftigt, selbst gestaltete Geschenk- und Dekoartikel zu basteln. Kulinarische K\u00f6stlichkeiten werden auch an unserem Stand angeboten: Erwerben k\u00f6nnen die Besucher*innen selbstgemachte Marmelade, Lik\u00f6re oder Chutneys. Ein Besuch lohnt sich auf jeden Fall. Wo sonst erh\u00e4lt noch so liebevoll gestaltete Geschenke f\u00fcr den guten Zweck.<br \/>\n<img fetchpriority=\"high\" decoding=\"async\" class=\" wp-image-8953 alignnone\" src=\"https:\/\/jfb-stiftung.de\/wp-content\/uploads\/2023\/12\/Collage-Weihnachtsmarkt-RZ-1000x1000.jpg\" alt=\"\" width=\"347\" height=\"347\"> <img decoding=\"async\" class=\" wp-image-8950 alignnone\" src=\"https:\/\/jfb-stiftung.de\/wp-content\/uploads\/2023\/12\/WEihnachtsmarkt-RZ-750x1000.jpg\" alt=\"\" width=\"261\" height=\"348\"><\/p>\n","protected":false},"excerpt":{"rendered":"<p>Das Haus R\u00fclzheim mit allen Bewohner*innen und Mitarbeiter*innen hat auch in diesem Jahr wieder einen Stand auf dem Weihnachtsmarkt im Ort. Bereits Monate vorher sind alle flei\u00dfig damit besch\u00e4ftigt, selbst \u2026<\/p>\n","protected":false},"author":2,"featured_media":6584,"template":"","meta":{"_acf_changed":false,"_tribe_events_status":"","_tribe_events_status_reason":"","footnotes":""},"tags":[],"tribe_events_cat":[34],"class_list":["post-8177","tribe_events","type-tribe_events","status-publish","has-post-thumbnail","hentry","tribe_events_cat-st-paulus-stift-herxheim","cat_st-paulus-stift-herxheim"],"acf":[],"publishpress_future_workflow_manual_trigger":{"enabledWorkflows":[]},"_links":{"self":[{"href":"https:\/\/jfb-stiftung.de\/st-paulus-stift-herxheim\/wp-json\/wp\/v2\/tribe_events\/8177","targetHints":{"allow":["GET"]}}],"collection":[{"href":"https:\/\/jfb-stiftung.de\/st-paulus-stift-herxheim\/wp-json\/wp\/v2\/tribe_events"}],"about":[{"href":"https:\/\/jfb-stiftung.de\/st-paulus-stift-herxheim\/wp-json\/wp\/v2\/types\/tribe_events"}],"author":[{"embeddable":true,"href":"https:\/\/jfb-stiftung.de\/st-paulus-stift-herxheim\/wp-json\/wp\/v2\/users\/2"}],"version-history":[{"count":1,"href":"https:\/\/jfb-stiftung.de\/st-paulus-stift-herxheim\/wp-json\/wp\/v2\/tribe_events\/8177\/revisions"}],"predecessor-version":[{"id":8705,"href":"https:\/\/jfb-stiftung.de\/st-paulus-stift-herxheim\/wp-json\/wp\/v2\/tribe_events\/8177\/revisions\/8705"}],"wp:featuredmedia":[{"embeddable":true,"href":"https:\/\/jfb-stiftung.de\/st-paulus-stift-herxheim\/wp-json\/wp\/v2\/media\/6584"}],"wp:attachment":[{"href":"https:\/\/jfb-stiftung.de\/st-paulus-stift-herxheim\/wp-json\/wp\/v2\/media?parent=8177"}],"wp:term":[{"taxonomy":"post_tag","embeddable":true,"href":"https:\/\/jfb-stiftung.de\/st-paulus-stift-herxheim\/wp-json\/wp\/v2\/tags?post=8177"},{"taxonomy":"tribe_events_cat","embeddable":true,"href":"https:\/\/jfb-stiftung.de\/st-paulus-stift-herxheim\/wp-json\/wp\/v2\/tribe_events_cat?post=8177"}],"curies":[{"name":"wp","href":"https:\/\/api.w.org\/{rel}","templated":true}]}}

Verkaufsstand auf dem Rülzheimer Weihnachtsmarkt

<p>Das Haus Rülzheim mit allen Bewohner*innen und Mitarbeiter*innen hat auch in diesem Jahr wieder einen Stand auf dem Weihnachtsmarkt im Ort. Bereits Monate vorher sind alle fleißig damit beschäftigt, selbst gestaltete Geschenk- und Dekoartikel zu basteln. Kulinarische Köstlichkeiten werden auch an unserem Stand angeboten: Erwerben können die Besucher*innen selbstgemachte Marmelade, Liköre oder Chutneys. Ein Besuch lohnt sich auf jeden Fall. Wo sonst erhält noch so liebevoll gestaltete Geschenke für den guten Zweck.<br />
<img fetchpriority="high" decoding="async" class=" wp-image-8953 alignnone" src="https://jfb-stiftung.de/wp-content/uploads/2023/12/Collage-Weihnachtsmarkt-RZ-1000x1000.jpg" alt="" width="347" height="347"> <img decoding="async" class=" wp-image-8950 alignnone" src="https://jfb-stiftung.de/wp-content/uploads/2023/12/WEihnachtsmarkt-RZ-750x1000.jpg" alt="" width="261" height="348"></p>

<p>Das Haus Rülzheim mit allen Bewohner*innen und Mitarbeiter*innen hat auch in diesem Jahr wieder einen Stand auf dem Weihnachtsmarkt im Ort. Bereits Monate vorher sind alle fleißig damit beschäftigt, selbst …</p>
