{"id":6567,"date":"2023-11-29T10:51:40","date_gmt":"2023-11-29T09:51:40","guid":{"rendered":"https:\/\/jfb-stiftung.de\/st-paulus-stift-herxheim\/veranstaltung\/haus-ruelzheim-mit-dabei-auf-dem-weihnachtsmarkt\/"},"modified":"2023-11-29T10:51:40","modified_gmt":"2023-11-29T09:51:40","slug":"haus-ruelzheim-mit-dabei-auf-dem-weihnachtsmarkt","status":"publish","type":"tribe_events","link":"https:\/\/jfb-stiftung.de\/st-paulus-stift-herxheim\/veranstaltung\/haus-ruelzheim-mit-dabei-auf-dem-weihnachtsmarkt\/","title":{"rendered":"Haus R\u00fclzheim mit dabei auf dem Weihnachtsmarkt"},"content":{"rendered":"<p>Vom 15-17.12.2023 \u00f6ffnet der Weihnachtsmarkt in R\u00fclzheim seine Pforten. Nach drei Jahren coronabedingter Pause freuen sich alle Bewohnerinnen und Bewohner sowie Mitarbeiterinnen und Mitarbeiter des St. Paulus Stifts in R\u00fclzheim sehr, in diesem Jahr endlich wieder teilnehmen zu k\u00f6nnen.\u00a0Alle Artikel, die auf dem Weihnachtsmarkt zum Verkauf angeboten werden, sind von den Bewohnerinnen und Bewohnern des Hauses R\u00fclzheim selbst hergestellt worden (manchmal mit etwas mehr oder weniger Hilfe von den engagierten Mitarbeiter*innen). Auf dem Deutschordensplatz direkt bei der katholischen Kirche werden Marmeladen, Lik\u00f6re, Selbstgebackenes, Geschenkartikel und Kreatives\u00a0 angeboten.<br \/>\n\u00d6ffnungszeiten des R\u00fclzheimer Weihnachtsmarktes:<br \/>\nFr. 17:00 bis 22:00h<br \/>\nSa. 16:00 bis 22:00h<br \/>\nSo. 16:00 bis 21:00h<br \/>\n\u00dcber zahlreiche Besucher*innen freuen sich alle sehr.<\/p>\n<p><img fetchpriority=\"high\" decoding=\"async\" class=\"alignnone wp-image-6568\" src=\"https:\/\/jfb-stiftung.de\/st-paulus-stift-herxheim\/wp-content\/uploads\/sites\/3\/2023\/12\/FlyerWeihnachtsmarkt23_lowres-001-1000x707.png\" alt=\"\" width=\"313\" height=\"221\" srcset=\"https:\/\/jfb-stiftung.de\/st-paulus-stift-herxheim\/wp-content\/uploads\/sites\/3\/2023\/12\/FlyerWeihnachtsmarkt23_lowres-001-1000x707.png 1000w, https:\/\/jfb-stiftung.de\/st-paulus-stift-herxheim\/wp-content\/uploads\/sites\/3\/2023\/12\/FlyerWeihnachtsmarkt23_lowres-001-1500x1060.png 1500w, https:\/\/jfb-stiftung.de\/st-paulus-stift-herxheim\/wp-content\/uploads\/sites\/3\/2023\/12\/FlyerWeihnachtsmarkt23_lowres-001-768x543.png 768w, https:\/\/jfb-stiftung.de\/st-paulus-stift-herxheim\/wp-content\/uploads\/sites\/3\/2023\/12\/FlyerWeihnachtsmarkt23_lowres-001-1536x1086.png 1536w, https:\/\/jfb-stiftung.de\/st-paulus-stift-herxheim\/wp-content\/uploads\/sites\/3\/2023\/12\/FlyerWeihnachtsmarkt23_lowres-001.png 1754w\" sizes=\"(max-width: 313px) 100vw, 313px\" \/> <img decoding=\"async\" class=\"alignnone wp-image-6569\" src=\"https:\/\/jfb-stiftung.de\/st-paulus-stift-herxheim\/wp-content\/uploads\/sites\/3\/2023\/12\/FlyerWeihnachtsmarkt23_lowres-002-1000x707.png\" alt=\"\" width=\"314\" height=\"222\"><\/p>\n","protected":false},"excerpt":{"rendered":"<p>Vom 15-17.12.2023 \u00f6ffnet der Weihnachtsmarkt in R\u00fclzheim seine Pforten. Nach drei Jahren coronabedingter Pause freuen sich alle Bewohnerinnen und Bewohner sowie Mitarbeiterinnen und Mitarbeiter des St. Paulus Stifts in R\u00fclzheim \u2026<\/p>\n","protected":false},"author":2,"featured_media":6569,"template":"","meta":{"_acf_changed":false,"_tribe_events_status":"","_tribe_events_status_reason":"","footnotes":""},"tags":[],"tribe_events_cat":[34],"class_list":["post-6567","tribe_events","type-tribe_events","status-publish","has-post-thumbnail","hentry","tribe_events_cat-st-paulus-stift-herxheim","cat_st-paulus-stift-herxheim"],"acf":[],"publishpress_future_workflow_manual_trigger":{"enabledWorkflows":[]},"_links":{"self":[{"href":"https:\/\/jfb-stiftung.de\/st-paulus-stift-herxheim\/wp-json\/wp\/v2\/tribe_events\/6567","targetHints":{"allow":["GET"]}}],"collection":[{"href":"https:\/\/jfb-stiftung.de\/st-paulus-stift-herxheim\/wp-json\/wp\/v2\/tribe_events"}],"about":[{"href":"https:\/\/jfb-stiftung.de\/st-paulus-stift-herxheim\/wp-json\/wp\/v2\/types\/tribe_events"}],"author":[{"embeddable":true,"href":"https:\/\/jfb-stiftung.de\/st-paulus-stift-herxheim\/wp-json\/wp\/v2\/users\/2"}],"version-history":[{"count":0,"href":"https:\/\/jfb-stiftung.de\/st-paulus-stift-herxheim\/wp-json\/wp\/v2\/tribe_events\/6567\/revisions"}],"wp:featuredmedia":[{"embeddable":true,"href":"https:\/\/jfb-stiftung.de\/st-paulus-stift-herxheim\/wp-json\/wp\/v2\/media\/6569"}],"wp:attachment":[{"href":"https:\/\/jfb-stiftung.de\/st-paulus-stift-herxheim\/wp-json\/wp\/v2\/media?parent=6567"}],"wp:term":[{"taxonomy":"post_tag","embeddable":true,"href":"https:\/\/jfb-stiftung.de\/st-paulus-stift-herxheim\/wp-json\/wp\/v2\/tags?post=6567"},{"taxonomy":"tribe_events_cat","embeddable":true,"href":"https:\/\/jfb-stiftung.de\/st-paulus-stift-herxheim\/wp-json\/wp\/v2\/tribe_events_cat?post=6567"}],"curies":[{"name":"wp","href":"https:\/\/api.w.org\/{rel}","templated":true}]}}

Haus Rülzheim mit dabei auf dem Weihnachtsmarkt

<p>Vom 15-17.12.2023 öffnet der Weihnachtsmarkt in Rülzheim seine Pforten. Nach drei Jahren coronabedingter Pause freuen sich alle Bewohnerinnen und Bewohner sowie Mitarbeiterinnen und Mitarbeiter des St. Paulus Stifts in Rülzheim sehr, in diesem Jahr endlich wieder teilnehmen zu können. Alle Artikel, die auf dem Weihnachtsmarkt zum Verkauf angeboten werden, sind von den Bewohnerinnen und Bewohnern des Hauses Rülzheim selbst hergestellt worden (manchmal mit etwas mehr oder weniger Hilfe von den engagierten Mitarbeiter*innen). Auf dem Deutschordensplatz direkt bei der katholischen Kirche werden Marmeladen, Liköre, Selbstgebackenes, Geschenkartikel und Kreatives  angeboten.<br />
Öffnungszeiten des Rülzheimer Weihnachtsmarktes:<br />
Fr. 17:00 bis 22:00h<br />
Sa. 16:00 bis 22:00h<br />
So. 16:00 bis 21:00h<br />
Über zahlreiche Besucher*innen freuen sich alle sehr.</p>
<p><img fetchpriority="high" decoding="async" class="alignnone wp-image-6568" src="https://jfb-stiftung.de/st-paulus-stift-herxheim/wp-content/uploads/sites/3/2023/12/FlyerWeihnachtsmarkt23_lowres-001-1000x707.png" alt="" width="313" height="221" srcset="https://jfb-stiftung.de/st-paulus-stift-herxheim/wp-content/uploads/sites/3/2023/12/FlyerWeihnachtsmarkt23_lowres-001-1000x707.png 1000w, https://jfb-stiftung.de/st-paulus-stift-herxheim/wp-content/uploads/sites/3/2023/12/FlyerWeihnachtsmarkt23_lowres-001-1500x1060.png 1500w, https://jfb-stiftung.de/st-paulus-stift-herxheim/wp-content/uploads/sites/3/2023/12/FlyerWeihnachtsmarkt23_lowres-001-768x543.png 768w, https://jfb-stiftung.de/st-paulus-stift-herxheim/wp-content/uploads/sites/3/2023/12/FlyerWeihnachtsmarkt23_lowres-001-1536x1086.png 1536w, https://jfb-stiftung.de/st-paulus-stift-herxheim/wp-content/uploads/sites/3/2023/12/FlyerWeihnachtsmarkt23_lowres-001.png 1754w" sizes="(max-width: 313px) 100vw, 313px" /> <img decoding="async" class="alignnone wp-image-6569" src="https://jfb-stiftung.de/st-paulus-stift-herxheim/wp-content/uploads/sites/3/2023/12/FlyerWeihnachtsmarkt23_lowres-002-1000x707.png" alt="" width="314" height="222"></p>

<p>Vom 15-17.12.2023 öffnet der Weihnachtsmarkt in Rülzheim seine Pforten. Nach drei Jahren coronabedingter Pause freuen sich alle Bewohnerinnen und Bewohner sowie Mitarbeiterinnen und Mitarbeiter des St. Paulus Stifts in Rülzheim …</p>
