{"id":5179,"date":"2023-01-13T12:36:21","date_gmt":"2023-01-13T10:36:21","guid":{"rendered":"https:\/\/jfb-stiftung.de\/st-paulus-stift-herxheim\/veranstaltung\/grosses-sommerfest\/"},"modified":"2023-06-20T08:24:15","modified_gmt":"2023-06-20T06:24:15","slug":"grosses-sommerfest","status":"publish","type":"tribe_events","link":"https:\/\/jfb-stiftung.de\/st-paulus-stift-herxheim\/veranstaltung\/grosses-sommerfest\/","title":{"rendered":"Gro\u00dfes Sommerfest"},"content":{"rendered":"<p>Zu unserem gro\u00dfen Sommerfest im sch\u00f6nen Innenhof des St. Paulus Stifts sind alle Leute, die Lust darauf haben, herzlich eingeladen. F\u00fcr Musik und Essen ist gesorgt. Die genaueren Planungen laufen derzeit auf Hochtouren, denn die Freude ist gro\u00df nach der langen Corona-Zwangspause nun endlich wieder zu feiern. Eines steht aber schon fest: Das gro\u00dfes Sommerfest im St. Paulus Stift wird unter dem Motto &#8222;125+2 Jahre&#8220; stattfinden. Da aufgrund der Corona-Pandemie die Jubil\u00e4umsfeier\u00a0 zum 125-j\u00e4hrigen Bestehen (eigentlich bereits im Jahr 2021) dauernd verschoben werden musste, wird sie dieses Jahr gro\u00df nachgefeiert.<\/p>\n","protected":false},"excerpt":{"rendered":"<p>Zu unserem gro\u00dfen Sommerfest im sch\u00f6nen Innenhof des St. Paulus Stifts sind alle Leute, die Lust darauf haben, herzlich eingeladen. F\u00fcr Musik und Essen ist gesorgt. Die genaueren Planungen laufen \u2026<\/p>\n","protected":false},"author":2,"featured_media":5161,"template":"","meta":{"_acf_changed":false,"_tribe_events_status":"","_tribe_events_status_reason":"","footnotes":""},"tags":[],"tribe_events_cat":[34],"class_list":["post-5179","tribe_events","type-tribe_events","status-publish","has-post-thumbnail","hentry","tribe_events_cat-st-paulus-stift-herxheim","cat_st-paulus-stift-herxheim"],"acf":[],"publishpress_future_workflow_manual_trigger":{"enabledWorkflows":[]},"_links":{"self":[{"href":"https:\/\/jfb-stiftung.de\/st-paulus-stift-herxheim\/wp-json\/wp\/v2\/tribe_events\/5179","targetHints":{"allow":["GET"]}}],"collection":[{"href":"https:\/\/jfb-stiftung.de\/st-paulus-stift-herxheim\/wp-json\/wp\/v2\/tribe_events"}],"about":[{"href":"https:\/\/jfb-stiftung.de\/st-paulus-stift-herxheim\/wp-json\/wp\/v2\/types\/tribe_events"}],"author":[{"embeddable":true,"href":"https:\/\/jfb-stiftung.de\/st-paulus-stift-herxheim\/wp-json\/wp\/v2\/users\/2"}],"version-history":[{"count":0,"href":"https:\/\/jfb-stiftung.de\/st-paulus-stift-herxheim\/wp-json\/wp\/v2\/tribe_events\/5179\/revisions"}],"wp:featuredmedia":[{"embeddable":true,"href":"https:\/\/jfb-stiftung.de\/st-paulus-stift-herxheim\/wp-json\/wp\/v2\/media\/5161"}],"wp:attachment":[{"href":"https:\/\/jfb-stiftung.de\/st-paulus-stift-herxheim\/wp-json\/wp\/v2\/media?parent=5179"}],"wp:term":[{"taxonomy":"post_tag","embeddable":true,"href":"https:\/\/jfb-stiftung.de\/st-paulus-stift-herxheim\/wp-json\/wp\/v2\/tags?post=5179"},{"taxonomy":"tribe_events_cat","embeddable":true,"href":"https:\/\/jfb-stiftung.de\/st-paulus-stift-herxheim\/wp-json\/wp\/v2\/tribe_events_cat?post=5179"}],"curies":[{"name":"wp","href":"https:\/\/api.w.org\/{rel}","templated":true}]}}

Großes Sommerfest

<p>Zu unserem großen Sommerfest im schönen Innenhof des St. Paulus Stifts sind alle Leute, die Lust darauf haben, herzlich eingeladen. Für Musik und Essen ist gesorgt. Die genaueren Planungen laufen derzeit auf Hochtouren, denn die Freude ist groß nach der langen Corona-Zwangspause nun endlich wieder zu feiern. Eines steht aber schon fest: Das großes Sommerfest im St. Paulus Stift wird unter dem Motto &#8222;125+2 Jahre&#8220; stattfinden. Da aufgrund der Corona-Pandemie die Jubiläumsfeier  zum 125-jährigen Bestehen (eigentlich bereits im Jahr 2021) dauernd verschoben werden musste, wird sie dieses Jahr groß nachgefeiert.</p>

<p>Zu unserem großen Sommerfest im schönen Innenhof des St. Paulus Stifts sind alle Leute, die Lust darauf haben, herzlich eingeladen. Für Musik und Essen ist gesorgt. Die genaueren Planungen laufen …</p>
