{"id":3681,"date":"2023-03-23T08:52:39","date_gmt":"2023-03-23T07:52:39","guid":{"rendered":"https:\/\/jfb-stiftung.de\/pflegeteam-hofmark\/veranstaltung\/gemeinsam-geburtstagsfeiern-2\/"},"modified":"2023-03-23T08:57:28","modified_gmt":"2023-03-23T07:57:28","slug":"gemeinsam-geburtstagsfeiern","status":"publish","type":"tribe_events","link":"https:\/\/jfb-stiftung.de\/pflegeteam-hofmark\/veranstaltung\/gemeinsam-geburtstagsfeiern\/","title":{"rendered":"Gemeinsam Geburtstagsfeiern"},"content":{"rendered":"<p>Wer hier wohnt, soll sich aufgehoben und wie zuhause f\u00fchlen. Deshalb gibt es bei allen Bewohner*innen in der Wohnanlage Winh\u00f6ring ein wunderbares Ritual: Alle zwei Monate werden die Geburtstag aller Bewohner*innenzusammen nachgefeiert, d.h. wer in diesen zwei Monaten Geburtstag hatte, bekommt bei gem\u00fctlichen Beisammensein mit Kaffee und Kuchen ein kleines Pr\u00e4sent \u00fcberreicht.<\/p>\n","protected":false},"excerpt":{"rendered":"<p>Wer hier wohnt, soll sich aufgehoben und wie zuhause f\u00fchlen. Deshalb gibt es bei allen Bewohner*innen in der Wohnanlage Winh\u00f6ring ein wunderbares Ritual: Alle zwei Monate werden die Geburtstag aller \u2026<\/p>\n","protected":false},"author":1,"featured_media":3670,"template":"","meta":{"_acf_changed":false,"_tribe_events_status":"","_tribe_events_status_reason":"","footnotes":""},"tags":[],"tribe_events_cat":[32],"class_list":["post-3681","tribe_events","type-tribe_events","status-publish","has-post-thumbnail","hentry","tribe_events_cat-pflegeteam-hofmark","cat_pflegeteam-hofmark"],"acf":[],"publishpress_future_workflow_manual_trigger":{"enabledWorkflows":[]},"_links":{"self":[{"href":"https:\/\/jfb-stiftung.de\/pflegeteam-hofmark\/wp-json\/wp\/v2\/tribe_events\/3681","targetHints":{"allow":["GET"]}}],"collection":[{"href":"https:\/\/jfb-stiftung.de\/pflegeteam-hofmark\/wp-json\/wp\/v2\/tribe_events"}],"about":[{"href":"https:\/\/jfb-stiftung.de\/pflegeteam-hofmark\/wp-json\/wp\/v2\/types\/tribe_events"}],"author":[{"embeddable":true,"href":"https:\/\/jfb-stiftung.de\/pflegeteam-hofmark\/wp-json\/wp\/v2\/users\/1"}],"version-history":[{"count":0,"href":"https:\/\/jfb-stiftung.de\/pflegeteam-hofmark\/wp-json\/wp\/v2\/tribe_events\/3681\/revisions"}],"wp:featuredmedia":[{"embeddable":true,"href":"https:\/\/jfb-stiftung.de\/pflegeteam-hofmark\/wp-json\/wp\/v2\/media\/3670"}],"wp:attachment":[{"href":"https:\/\/jfb-stiftung.de\/pflegeteam-hofmark\/wp-json\/wp\/v2\/media?parent=3681"}],"wp:term":[{"taxonomy":"post_tag","embeddable":true,"href":"https:\/\/jfb-stiftung.de\/pflegeteam-hofmark\/wp-json\/wp\/v2\/tags?post=3681"},{"taxonomy":"tribe_events_cat","embeddable":true,"href":"https:\/\/jfb-stiftung.de\/pflegeteam-hofmark\/wp-json\/wp\/v2\/tribe_events_cat?post=3681"}],"curies":[{"name":"wp","href":"https:\/\/api.w.org\/{rel}","templated":true}]}}

<p>Wer hier wohnt, soll sich aufgehoben und wie zuhause fühlen. Deshalb gibt es bei allen Bewohner*innen in der Wohnanlage Winhöring ein wunderbares Ritual: Alle zwei Monate werden die Geburtstag aller Bewohner*innenzusammen nachgefeiert, d.h. wer in diesen zwei Monaten Geburtstag hatte, bekommt bei gemütlichen Beisammensein mit Kaffee und Kuchen ein kleines Präsent überreicht.</p>

<p>Wer hier wohnt, soll sich aufgehoben und wie zuhause fühlen. Deshalb gibt es bei allen Bewohner*innen in der Wohnanlage Winhöring ein wunderbares Ritual: Alle zwei Monate werden die Geburtstag aller …</p>
