{"id":2470,"date":"2021-07-19T09:11:18","date_gmt":"2021-07-19T07:11:18","guid":{"rendered":"https:\/\/jfb-stiftung.de\/pflegeteam-hofmark\/veranstaltung\/keine-veranstaltungen-aufgrund-der-corona-pandemie-im-jahr-2021-copy-copy-copy\/"},"modified":"2022-05-19T11:59:59","modified_gmt":"2022-05-19T09:59:59","slug":"grillfest-fuer-bewohnerinnen-und-mitarbeiterinnen","status":"publish","type":"tribe_events","link":"https:\/\/jfb-stiftung.de\/pflegeteam-hofmark\/veranstaltung\/grillfest-fuer-bewohnerinnen-und-mitarbeiterinnen\/","title":{"rendered":"Grillfest f\u00fcr Bewohner*innen und Mitarbeiter*innen"},"content":{"rendered":"<p>Ein Grillfest im kleinen Kreis ist beim Pflegeteam Hofmark f\u00fcr alle Mitarbeiter*innen und Bewohner*innen der Wohnanlage Winh\u00f6ring geplant. Bei diesem internen Fest ist selbstverst\u00e4ndlich f\u00fcr die notwendige Verpflegung gesorgt, ob Bratw\u00fcrste, Steaks oder auch einen deftigen Grillk\u00e4se, es ist f\u00fcr jeden etwas dabei.<\/p>\n","protected":false},"excerpt":{"rendered":"<p>Ein Grillfest im kleinen Kreis ist beim Pflegeteam Hofmark f\u00fcr alle Mitarbeiter*innen und Bewohner*innen der Wohnanlage Winh\u00f6ring geplant. Bei diesem internen Fest ist selbstverst\u00e4ndlich f\u00fcr die notwendige Verpflegung gesorgt, ob \u2026<\/p>\n","protected":false},"author":1,"featured_media":2306,"template":"","meta":{"_acf_changed":false,"_tribe_events_status":"","_tribe_events_status_reason":"","footnotes":""},"tags":[],"tribe_events_cat":[32],"class_list":["post-2470","tribe_events","type-tribe_events","status-publish","has-post-thumbnail","hentry","tribe_events_cat-pflegeteam-hofmark","cat_pflegeteam-hofmark"],"acf":[],"publishpress_future_workflow_manual_trigger":{"enabledWorkflows":[]},"_links":{"self":[{"href":"https:\/\/jfb-stiftung.de\/pflegeteam-hofmark\/wp-json\/wp\/v2\/tribe_events\/2470","targetHints":{"allow":["GET"]}}],"collection":[{"href":"https:\/\/jfb-stiftung.de\/pflegeteam-hofmark\/wp-json\/wp\/v2\/tribe_events"}],"about":[{"href":"https:\/\/jfb-stiftung.de\/pflegeteam-hofmark\/wp-json\/wp\/v2\/types\/tribe_events"}],"author":[{"embeddable":true,"href":"https:\/\/jfb-stiftung.de\/pflegeteam-hofmark\/wp-json\/wp\/v2\/users\/1"}],"version-history":[{"count":0,"href":"https:\/\/jfb-stiftung.de\/pflegeteam-hofmark\/wp-json\/wp\/v2\/tribe_events\/2470\/revisions"}],"wp:featuredmedia":[{"embeddable":true,"href":"https:\/\/jfb-stiftung.de\/pflegeteam-hofmark\/wp-json\/wp\/v2\/media\/2306"}],"wp:attachment":[{"href":"https:\/\/jfb-stiftung.de\/pflegeteam-hofmark\/wp-json\/wp\/v2\/media?parent=2470"}],"wp:term":[{"taxonomy":"post_tag","embeddable":true,"href":"https:\/\/jfb-stiftung.de\/pflegeteam-hofmark\/wp-json\/wp\/v2\/tags?post=2470"},{"taxonomy":"tribe_events_cat","embeddable":true,"href":"https:\/\/jfb-stiftung.de\/pflegeteam-hofmark\/wp-json\/wp\/v2\/tribe_events_cat?post=2470"}],"curies":[{"name":"wp","href":"https:\/\/api.w.org\/{rel}","templated":true}]}}

Grillfest für Bewohner*innen und Mitarbeiter*innen

<p>Ein Grillfest im kleinen Kreis ist beim Pflegeteam Hofmark für alle Mitarbeiter*innen und Bewohner*innen der Wohnanlage Winhöring geplant. Bei diesem internen Fest ist selbstverständlich für die notwendige Verpflegung gesorgt, ob Bratwürste, Steaks oder auch einen deftigen Grillkäse, es ist für jeden etwas dabei.</p>

<p>Ein Grillfest im kleinen Kreis ist beim Pflegeteam Hofmark für alle Mitarbeiter*innen und Bewohner*innen der Wohnanlage Winhöring geplant. Bei diesem internen Fest ist selbstverständlich für die notwendige Verpflegung gesorgt, ob …</p>
